{"id":1915,"date":"2020-05-20T12:25:25","date_gmt":"2020-05-20T10:25:25","guid":{"rendered":"https:\/\/airtracksports.aarbeta.ch\/?page_id=1915"},"modified":"2025-11-24T13:12:08","modified_gmt":"2025-11-24T12:12:08","slug":"profi-produkte","status":"publish","type":"page","link":"https:\/\/www.airtracksports.com\/index.php\/produktinfos\/profi-produkte\/","title":{"rendered":"Profi-Produkte"},"content":{"rendered":"<h2><strong><a href=\"https:\/\/www.airtracksports.com\/index.php\/produkt\/airtrack-p3-generation-2\/\" target=\"_blank\" rel=\"noopener\">Airtrack Generation<\/a><a href=\"https:\/\/www.airtracksports.com\/index.php\/produkt\/airtrack-p3-generation-2\/\" target=\"_blank\" rel=\"noopener\"> 2<\/a> &#8211; die n\u00e4chste Generation von Airtracks<\/strong><\/h2>\n<p>Wir verstehen die <strong>Kraft der Bewegung<\/strong>. Das ist der Grund, warum wir weitergehen. Mit dem Markt und mit der Zeit. Mit unserem neuen AirTrack 2 unterst\u00fctzen wir die Generation von heute und die von morgen. <strong>Bessere Sprungkraft, weniger Gewicht<\/strong> und ein <strong>besserer Halt<\/strong>.<\/p>\n<p><iframe loading=\"lazy\" title=\"Introducing: AirTrack 2\" width=\"745\" height=\"419\" src=\"https:\/\/www.youtube.com\/embed\/8gv4YTZgWy4?feature=oembed\" frameborder=\"0\" allow=\"accelerometer; autoplay; clipboard-write; encrypted-media; gyroscope; picture-in-picture; web-share\" referrerpolicy=\"strict-origin-when-cross-origin\" allowfullscreen><\/iframe><\/p>\n<p>Das ist der <strong>AirTrack 2<\/strong> \u2013 ein revolution\u00e4rer Schritt nach vorn in Sachen Design, Leistung und Nachhaltigkeit. Hergestellt aus neuen, umweltfreundlichen Materialien, ist er <strong>40 % leichter<\/strong>, l\u00e4sst sich kleiner verpacken und bietet un\u00fcbertroffene <strong>Sprungkraft und Griffigkeit<\/strong>. Es geht nicht nur um die Funktion \u2013 das schlanke Design f\u00fcgt sich nahtlos in jede Halle ein und ist nicht nur optisch auff\u00e4llig, sondern auch leistungsstark.<\/p>\n<p><img loading=\"lazy\" decoding=\"async\" class=\"alignnone size-medium wp-image-7339\" src=\"https:\/\/www.airtracksports.com\/wp-content\/uploads\/2025\/11\/pros-300x208.png\" alt=\"\" width=\"300\" height=\"208\" srcset=\"https:\/\/www.airtracksports.com\/wp-content\/uploads\/2025\/11\/pros-300x208.png 300w, https:\/\/www.airtracksports.com\/wp-content\/uploads\/2025\/11\/pros.png 423w\" sizes=\"auto, (max-width: 300px) 100vw, 300px\" \/> <img loading=\"lazy\" decoding=\"async\" class=\"alignnone size-medium wp-image-7341\" src=\"https:\/\/www.airtracksports.com\/wp-content\/uploads\/2025\/11\/pros2-300x217.png\" alt=\"\" width=\"300\" height=\"217\" srcset=\"https:\/\/www.airtracksports.com\/wp-content\/uploads\/2025\/11\/pros2-300x217.png 300w, https:\/\/www.airtracksports.com\/wp-content\/uploads\/2025\/11\/pros2.png 417w\" sizes=\"auto, (max-width: 300px) 100vw, 300px\" \/><\/p>\n<p>Bewegung ist mehr als nur ein Workout \u2013 es geht um Entdeckung, Wachstum und das Erreichen neuer Ebenen. Mit dem AirTrack 2 bekommt dein Training eine ganz neue Dimension. Weniger Aufbauzeit, mehr Effizienz und die perfekte Balance aus Unterst\u00fctzung und Flexibilit\u00e4t bedeuten, dass du dich darauf konzentrieren kannst, deine Grenzen zu erweitern.<\/p>\n<p><img loading=\"lazy\" decoding=\"async\" class=\"alignnone \" src=\"https:\/\/airtrackfactory.com\/resources\/uploads\/2024\/10\/Floating_landing-AirTrack2best_Shadow2.webp\" width=\"618\" height=\"309\" \/><\/p>\n<p>Entscheide dich f\u00fcr den <strong>AirTrack 2<\/strong> und damit f\u00fcr eine Vorreiterrolle in Sachen Innovation. Bringe deine F\u00e4higkeiten \u2013 und dein Team \u2013 mit einer \u00fcberragenden Leistung, die den gesamten Markt voranbringt, auf ein neues Niveau.<\/p>\n<p>Unsere biobasierten Materialien reduzieren die Umweltbelastung, ohne dabei Kompromisse bei Haltbarkeit oder Leistung einzugehen. Der AirTrack 2 ist ein Vorreiter in Sachen Nachhaltigkeit und sportlicher H\u00f6chstleistung. Lass uns gemeinsam die Zukunft des Trainings gestalten.<br \/>Bringe dein Training aufs n\u00e4chste Level mit dem AirTrack 2 \u2013 wo Spitzenleistung auf Nachhaltigkeit trifft.<br \/>Erlebe die n\u00e4chste Generation von AirTracks, die dein Training mit weniger Aufwand beim Aufbau und besseren Ergebnissen beim Training verbessern.<\/p>\n<h2><a href=\"https:\/\/www.airtracksports.com\/index.php\/produkt\/wettkampfboden\/\" target=\"_blank\" rel=\"noopener noreferrer\"><strong>Competition Floor &#8211; Wettkampfboden<\/strong><\/a><\/h2>\n<p><img loading=\"lazy\" decoding=\"async\" class=\" wp-image-2546\" src=\"https:\/\/www.airtracksports.com\/wp-content\/uploads\/2020\/05\/Competition-floor-300x139.jpg\" alt=\"\" width=\"354\" height=\"164\" srcset=\"https:\/\/www.airtracksports.com\/wp-content\/uploads\/2020\/05\/Competition-floor-300x139.jpg 300w, https:\/\/www.airtracksports.com\/wp-content\/uploads\/2020\/05\/Competition-floor-scaled-600x278.jpg 600w, https:\/\/www.airtracksports.com\/wp-content\/uploads\/2020\/05\/Competition-floor-1024x475.jpg 1024w, https:\/\/www.airtracksports.com\/wp-content\/uploads\/2020\/05\/Competition-floor-768x356.jpg 768w, https:\/\/www.airtracksports.com\/wp-content\/uploads\/2020\/05\/Competition-floor-1536x713.jpg 1536w, https:\/\/www.airtracksports.com\/wp-content\/uploads\/2020\/05\/Competition-floor-2048x950.jpg 2048w\" sizes=\"auto, (max-width: 354px) 100vw, 354px\" \/><\/p>\n<p><strong>Revolution\u00e4re Aufbauzeit und leichter Transport!<\/strong> Ein Boden in Wettkampfgr\u00f6sse, der modular aufgebaut und im Druck komplett einstellbar ist. Dies erm\u00f6glicht es Sportlern aller Alters- und Leistungsstufen, ihre \u00dcbungen auf einem Boden auszuf\u00fchren, der genau auf ihren K\u00f6rperbau und ihr Leistungsniveau abgestimmt ist.<br \/>Der Wettkampfboden kann <strong>4-mal schneller aufgebaut<\/strong> werden als ein normaler Schwingboden. Der Wettkampfboden kann in jeder Gr\u00f6sse hergestellt werden. Die Standardgr\u00f6ssen sind 12 x 12m oder 14 x 14m. Der Competition Floor besteht aus 6, respektive 7 miteinander verbundenen <a href=\"https:\/\/www.airtracksports.com\/index.php\/produkt\/airfloor-p1\/\" target=\"_blank\" rel=\"noopener noreferrer\">Airfloors P1<\/a>. Er kann allerdings auch nur aus einem oder zwei grossen Teilen bestehen. Gerne er\u00f6rtern wir Ihnen die Vorteile von mehrteiligen oder einteiligen Wettkampfb\u00f6den. Ein <a href=\"https:\/\/www.airtracksports.com\/index.php\/produkt\/infinite-geblaese\/\" target=\"_blank\" rel=\"noopener noreferrer\">innovatives Gebl\u00e4se<\/a> verteilt die Luft automatisch, gleichm\u00e4ssig und mit dem gew\u00fcnschten Luftdruck. Die Fl\u00e4che ist speziell f\u00fcr Wettk\u00e4mpfe konzipiert und eignet sich hervorragend daf\u00fcr, weil sie sehr schnell aufgestellt ist. Ein ge\u00fcbtes Team schafft den Aufbau der ganzen Fl\u00e4che in 30 Minuten.<\/p>\n<p><iframe loading=\"lazy\" title=\"Competition Floor Set-up | AirTrack Factory\" width=\"745\" height=\"419\" src=\"https:\/\/www.youtube.com\/embed\/lN-sOQZKaj4?feature=oembed\" frameborder=\"0\" allow=\"accelerometer; autoplay; clipboard-write; encrypted-media; gyroscope; picture-in-picture; web-share\" referrerpolicy=\"strict-origin-when-cross-origin\" allowfullscreen><\/iframe><\/p>\n<p>Weitere Infos finden Sie in der Brosch\u00fcre &#8211;&gt; <a href=\"https:\/\/www.airtracksports.com\/wp-content\/uploads\/2024\/04\/AirFloor-Competition-DE.pdf\">AirFloor-Competition-DE<\/a>.<\/p>\n<p>Bei Interesse senden Sie uns gerne eine e-Mail an <a href=\"mailto:daniel@airtracksports.com\">info@airtracksports.com<\/a>.<\/p>\n\n\n<p><\/p>\n\n\n\n<h4 class=\"wp-block-heading\"><strong>Video f\u00fcr Aufbau Airtrack<\/strong><\/h4>\n\n\n\n<figure class=\"wp-block-embed is-type-video is-provider-youtube wp-block-embed-youtube wp-embed-aspect-16-9 wp-has-aspect-ratio\"><div class=\"wp-block-embed__wrapper\">\n<iframe loading=\"lazy\" title=\"How to: Set up \/ build up your AirTrack | AirTrack Academy\" width=\"745\" height=\"419\" src=\"https:\/\/www.youtube.com\/embed\/L4Evid_j9Ko?feature=oembed\" frameborder=\"0\" allow=\"accelerometer; autoplay; clipboard-write; encrypted-media; gyroscope; picture-in-picture; web-share\" referrerpolicy=\"strict-origin-when-cross-origin\" allowfullscreen><\/iframe>\n<\/div><\/figure>\n","protected":false},"excerpt":{"rendered":"<p>Airtrack Generation 2 &#8211; die n\u00e4chste Generation von Airtracks Wir verstehen die Kraft der Bewegung. Das ist der Grund, warum wir weitergehen. Mit dem Markt und mit der Zeit. Mit unserem neuen AirTrack 2 unterst\u00fctzen wir die Generation von heute ..<\/p>\n<div class=\"reading\"><a href=\"https:\/\/www.airtracksports.com\/index.php\/produktinfos\/profi-produkte\/\">Continue Reading<\/a><\/div>\n","protected":false},"author":1,"featured_media":0,"parent":74,"menu_order":0,"comment_status":"closed","ping_status":"closed","template":"","meta":{"footnotes":""},"class_list":["post-1915","page","type-page","status-publish","hentry"],"yoast_head":"<!-- This site is optimized with the Yoast SEO plugin v27.5 - https:\/\/yoast.com\/product\/yoast-seo-wordpress\/ -->\n<title>Airtracksports - Profimaterial f\u00fcrs Turnen - Infos<\/title>\n<meta name=\"robots\" content=\"index, follow, max-snippet:-1, max-image-preview:large, max-video-preview:-1\" \/>\n<link rel=\"canonical\" href=\"https:\/\/www.airtracksports.com\/index.php\/produktinfos\/profi-produkte\/\" \/>\n<meta property=\"og:locale\" content=\"de_DE\" \/>\n<meta property=\"og:type\" content=\"article\" \/>\n<meta property=\"og:title\" content=\"Airtracksports - Profimaterial f\u00fcrs Turnen - Infos\" \/>\n<meta property=\"og:description\" content=\"Airtrack Generation 2 &#8211; die n\u00e4chste Generation von Airtracks Wir verstehen die Kraft der Bewegung. Das ist der Grund, warum wir weitergehen. Mit dem Markt und mit der Zeit. Mit unserem neuen AirTrack 2 unterst\u00fctzen wir die Generation von heute ..Continue Reading\" \/>\n<meta property=\"og:url\" content=\"https:\/\/www.airtracksports.com\/index.php\/produktinfos\/profi-produkte\/\" \/>\n<meta property=\"og:site_name\" content=\"AirTrackSports\" \/>\n<meta property=\"article:modified_time\" content=\"2025-11-24T12:12:08+00:00\" \/>\n<meta property=\"og:image\" content=\"https:\/\/www.airtracksports.com\/wp-content\/uploads\/2025\/11\/pros.png\" \/>\n\t<meta property=\"og:image:width\" content=\"423\" \/>\n\t<meta property=\"og:image:height\" content=\"293\" \/>\n\t<meta property=\"og:image:type\" content=\"image\/png\" \/>\n<meta name=\"twitter:card\" content=\"summary_large_image\" \/>\n<meta name=\"twitter:label1\" content=\"Gesch\u00e4tzte Lesezeit\" \/>\n\t<meta name=\"twitter:data1\" content=\"4\u00a0Minuten\" \/>\n<script type=\"application\/ld+json\" class=\"yoast-schema-graph\">{\"@context\":\"https:\\\/\\\/schema.org\",\"@graph\":[{\"@type\":\"WebPage\",\"@id\":\"https:\\\/\\\/www.airtracksports.com\\\/index.php\\\/produktinfos\\\/profi-produkte\\\/\",\"url\":\"https:\\\/\\\/www.airtracksports.com\\\/index.php\\\/produktinfos\\\/profi-produkte\\\/\",\"name\":\"Airtracksports - Profimaterial f\u00fcrs Turnen - Infos\",\"isPartOf\":{\"@id\":\"https:\\\/\\\/www.airtracksports.com\\\/#website\"},\"primaryImageOfPage\":{\"@id\":\"https:\\\/\\\/www.airtracksports.com\\\/index.php\\\/produktinfos\\\/profi-produkte\\\/#primaryimage\"},\"image\":{\"@id\":\"https:\\\/\\\/www.airtracksports.com\\\/index.php\\\/produktinfos\\\/profi-produkte\\\/#primaryimage\"},\"thumbnailUrl\":\"https:\\\/\\\/www.airtracksports.com\\\/wp-content\\\/uploads\\\/2025\\\/11\\\/pros-300x208.png\",\"datePublished\":\"2020-05-20T10:25:25+00:00\",\"dateModified\":\"2025-11-24T12:12:08+00:00\",\"breadcrumb\":{\"@id\":\"https:\\\/\\\/www.airtracksports.com\\\/index.php\\\/produktinfos\\\/profi-produkte\\\/#breadcrumb\"},\"inLanguage\":\"de\",\"potentialAction\":[{\"@type\":\"ReadAction\",\"target\":[\"https:\\\/\\\/www.airtracksports.com\\\/index.php\\\/produktinfos\\\/profi-produkte\\\/\"]}]},{\"@type\":\"ImageObject\",\"inLanguage\":\"de\",\"@id\":\"https:\\\/\\\/www.airtracksports.com\\\/index.php\\\/produktinfos\\\/profi-produkte\\\/#primaryimage\",\"url\":\"https:\\\/\\\/www.airtracksports.com\\\/wp-content\\\/uploads\\\/2025\\\/11\\\/pros.png\",\"contentUrl\":\"https:\\\/\\\/www.airtracksports.com\\\/wp-content\\\/uploads\\\/2025\\\/11\\\/pros.png\",\"width\":423,\"height\":293},{\"@type\":\"BreadcrumbList\",\"@id\":\"https:\\\/\\\/www.airtracksports.com\\\/index.php\\\/produktinfos\\\/profi-produkte\\\/#breadcrumb\",\"itemListElement\":[{\"@type\":\"ListItem\",\"position\":1,\"name\":\"Startseite\",\"item\":\"https:\\\/\\\/www.airtracksports.com\\\/\"},{\"@type\":\"ListItem\",\"position\":2,\"name\":\"Produktinfos\",\"item\":\"https:\\\/\\\/www.airtracksports.com\\\/index.php\\\/produktinfos\\\/\"},{\"@type\":\"ListItem\",\"position\":3,\"name\":\"Profi-Produkte\"}]},{\"@type\":\"WebSite\",\"@id\":\"https:\\\/\\\/www.airtracksports.com\\\/#website\",\"url\":\"https:\\\/\\\/www.airtracksports.com\\\/\",\"name\":\"AirTrackSports\",\"description\":\"\",\"publisher\":{\"@id\":\"https:\\\/\\\/www.airtracksports.com\\\/#organization\"},\"potentialAction\":[{\"@type\":\"SearchAction\",\"target\":{\"@type\":\"EntryPoint\",\"urlTemplate\":\"https:\\\/\\\/www.airtracksports.com\\\/?s={search_term_string}\"},\"query-input\":{\"@type\":\"PropertyValueSpecification\",\"valueRequired\":true,\"valueName\":\"search_term_string\"}}],\"inLanguage\":\"de\"},{\"@type\":\"Organization\",\"@id\":\"https:\\\/\\\/www.airtracksports.com\\\/#organization\",\"name\":\"AirTrackSports\",\"url\":\"https:\\\/\\\/www.airtracksports.com\\\/\",\"logo\":{\"@type\":\"ImageObject\",\"inLanguage\":\"de\",\"@id\":\"https:\\\/\\\/www.airtracksports.com\\\/#\\\/schema\\\/logo\\\/image\\\/\",\"url\":\"https:\\\/\\\/www.airtracksports.com\\\/wp-content\\\/uploads\\\/2020\\\/05\\\/cropped-LogoAirTrack-4.jpg\",\"contentUrl\":\"https:\\\/\\\/www.airtracksports.com\\\/wp-content\\\/uploads\\\/2020\\\/05\\\/cropped-LogoAirTrack-4.jpg\",\"width\":225,\"height\":90,\"caption\":\"AirTrackSports\"},\"image\":{\"@id\":\"https:\\\/\\\/www.airtracksports.com\\\/#\\\/schema\\\/logo\\\/image\\\/\"}}]}<\/script>\n<!-- \/ Yoast SEO plugin. -->","yoast_head_json":{"title":"Airtracksports - Profimaterial f\u00fcrs Turnen - Infos","robots":{"index":"index","follow":"follow","max-snippet":"max-snippet:-1","max-image-preview":"max-image-preview:large","max-video-preview":"max-video-preview:-1"},"canonical":"https:\/\/www.airtracksports.com\/index.php\/produktinfos\/profi-produkte\/","og_locale":"de_DE","og_type":"article","og_title":"Airtracksports - Profimaterial f\u00fcrs Turnen - Infos","og_description":"Airtrack Generation 2 &#8211; die n\u00e4chste Generation von Airtracks Wir verstehen die Kraft der Bewegung. Das ist der Grund, warum wir weitergehen. Mit dem Markt und mit der Zeit. Mit unserem neuen AirTrack 2 unterst\u00fctzen wir die Generation von heute ..Continue Reading","og_url":"https:\/\/www.airtracksports.com\/index.php\/produktinfos\/profi-produkte\/","og_site_name":"AirTrackSports","article_modified_time":"2025-11-24T12:12:08+00:00","og_image":[{"width":423,"height":293,"url":"https:\/\/www.airtracksports.com\/wp-content\/uploads\/2025\/11\/pros.png","type":"image\/png"}],"twitter_card":"summary_large_image","twitter_misc":{"Gesch\u00e4tzte Lesezeit":"4\u00a0Minuten"},"schema":{"@context":"https:\/\/schema.org","@graph":[{"@type":"WebPage","@id":"https:\/\/www.airtracksports.com\/index.php\/produktinfos\/profi-produkte\/","url":"https:\/\/www.airtracksports.com\/index.php\/produktinfos\/profi-produkte\/","name":"Airtracksports - Profimaterial f\u00fcrs Turnen - Infos","isPartOf":{"@id":"https:\/\/www.airtracksports.com\/#website"},"primaryImageOfPage":{"@id":"https:\/\/www.airtracksports.com\/index.php\/produktinfos\/profi-produkte\/#primaryimage"},"image":{"@id":"https:\/\/www.airtracksports.com\/index.php\/produktinfos\/profi-produkte\/#primaryimage"},"thumbnailUrl":"https:\/\/www.airtracksports.com\/wp-content\/uploads\/2025\/11\/pros-300x208.png","datePublished":"2020-05-20T10:25:25+00:00","dateModified":"2025-11-24T12:12:08+00:00","breadcrumb":{"@id":"https:\/\/www.airtracksports.com\/index.php\/produktinfos\/profi-produkte\/#breadcrumb"},"inLanguage":"de","potentialAction":[{"@type":"ReadAction","target":["https:\/\/www.airtracksports.com\/index.php\/produktinfos\/profi-produkte\/"]}]},{"@type":"ImageObject","inLanguage":"de","@id":"https:\/\/www.airtracksports.com\/index.php\/produktinfos\/profi-produkte\/#primaryimage","url":"https:\/\/www.airtracksports.com\/wp-content\/uploads\/2025\/11\/pros.png","contentUrl":"https:\/\/www.airtracksports.com\/wp-content\/uploads\/2025\/11\/pros.png","width":423,"height":293},{"@type":"BreadcrumbList","@id":"https:\/\/www.airtracksports.com\/index.php\/produktinfos\/profi-produkte\/#breadcrumb","itemListElement":[{"@type":"ListItem","position":1,"name":"Startseite","item":"https:\/\/www.airtracksports.com\/"},{"@type":"ListItem","position":2,"name":"Produktinfos","item":"https:\/\/www.airtracksports.com\/index.php\/produktinfos\/"},{"@type":"ListItem","position":3,"name":"Profi-Produkte"}]},{"@type":"WebSite","@id":"https:\/\/www.airtracksports.com\/#website","url":"https:\/\/www.airtracksports.com\/","name":"AirTrackSports","description":"","publisher":{"@id":"https:\/\/www.airtracksports.com\/#organization"},"potentialAction":[{"@type":"SearchAction","target":{"@type":"EntryPoint","urlTemplate":"https:\/\/www.airtracksports.com\/?s={search_term_string}"},"query-input":{"@type":"PropertyValueSpecification","valueRequired":true,"valueName":"search_term_string"}}],"inLanguage":"de"},{"@type":"Organization","@id":"https:\/\/www.airtracksports.com\/#organization","name":"AirTrackSports","url":"https:\/\/www.airtracksports.com\/","logo":{"@type":"ImageObject","inLanguage":"de","@id":"https:\/\/www.airtracksports.com\/#\/schema\/logo\/image\/","url":"https:\/\/www.airtracksports.com\/wp-content\/uploads\/2020\/05\/cropped-LogoAirTrack-4.jpg","contentUrl":"https:\/\/www.airtracksports.com\/wp-content\/uploads\/2020\/05\/cropped-LogoAirTrack-4.jpg","width":225,"height":90,"caption":"AirTrackSports"},"image":{"@id":"https:\/\/www.airtracksports.com\/#\/schema\/logo\/image\/"}}]}},"_links":{"self":[{"href":"https:\/\/www.airtracksports.com\/index.php\/wp-json\/wp\/v2\/pages\/1915","targetHints":{"allow":["GET"]}}],"collection":[{"href":"https:\/\/www.airtracksports.com\/index.php\/wp-json\/wp\/v2\/pages"}],"about":[{"href":"https:\/\/www.airtracksports.com\/index.php\/wp-json\/wp\/v2\/types\/page"}],"author":[{"embeddable":true,"href":"https:\/\/www.airtracksports.com\/index.php\/wp-json\/wp\/v2\/users\/1"}],"replies":[{"embeddable":true,"href":"https:\/\/www.airtracksports.com\/index.php\/wp-json\/wp\/v2\/comments?post=1915"}],"version-history":[{"count":76,"href":"https:\/\/www.airtracksports.com\/index.php\/wp-json\/wp\/v2\/pages\/1915\/revisions"}],"predecessor-version":[{"id":7367,"href":"https:\/\/www.airtracksports.com\/index.php\/wp-json\/wp\/v2\/pages\/1915\/revisions\/7367"}],"up":[{"embeddable":true,"href":"https:\/\/www.airtracksports.com\/index.php\/wp-json\/wp\/v2\/pages\/74"}],"wp:attachment":[{"href":"https:\/\/www.airtracksports.com\/index.php\/wp-json\/wp\/v2\/media?parent=1915"}],"curies":[{"name":"wp","href":"https:\/\/api.w.org\/{rel}","templated":true}]}}