{"id":2225,"date":"2020-05-27T11:34:40","date_gmt":"2020-05-27T09:34:40","guid":{"rendered":"https:\/\/airtracksports.aarbeta.ch\/?page_id=2225"},"modified":"2020-07-08T12:42:24","modified_gmt":"2020-07-08T10:42:24","slug":"tricking-material-arts","status":"publish","type":"page","link":"https:\/\/www.airtracksports.com\/index.php\/kundengruppen\/tricking-material-arts\/","title":{"rendered":"Tricking &amp; Martial Arts"},"content":{"rendered":"\n<p>Bevorzugen Sie eine d\u00fcnne, stabile und sichere Oberfl\u00e4che f\u00fcr Kampfsportarten oder m\u00f6chten Sie etwas Luft schnappen? Airtrack Factory bietet Ausr\u00fcstungen, die jeder (Extrem-)Kampfsportler lieben wird!<br>Unser 10 cm dicker Airfloor ist ideal zum \u00dcben von Stabilit\u00e4t, Agilit\u00e4t, Kraft, Ausdauer und Geschwindigkeit. Verbinden Sie mehrere AirFloors, um einen kompletten, leichten und portablen Boden f\u00fcr Schulungen und Shows zu schaffen.<br>Du willst mehr? Probieren Sie unseren ber\u00fchmten 30 cm dicken Airtrick aus! Indem Sie den Druck einstellen, k\u00f6nnen Sie ihren idealen Sprung finden. Der Airtrick ist ber\u00fchmt f\u00fcr die unglaubliche H\u00f6he, die er Ihnen bietet. Es ist ideal f\u00fcr schwere Tricks und du wirst sehen, wie du dich in k\u00fcrzester Zeit verbesserst!<\/p>\n\n\n\n<p><span class=\"has-inline-color has-vivid-cyan-blue-color\">&#8220;Der Airtrick ist ein absoluter Favorit von professionellen Trickers und j\u00fcngeren Kindern.&#8221;<\/span> Travis Wong, Tricker, Kampfsport Hall of Fame<\/p>\n","protected":false},"excerpt":{"rendered":"<p>Bevorzugen Sie eine d\u00fcnne, stabile und sichere Oberfl\u00e4che f\u00fcr Kampfsportarten oder m\u00f6chten Sie etwas Luft schnappen? Airtrack Factory bietet Ausr\u00fcstungen, die jeder (Extrem-)Kampfsportler lieben wird!Unser 10 cm dicker Airfloor ist ideal zum \u00dcben von Stabilit\u00e4t, Agilit\u00e4t, Kraft, Ausdauer und Geschwindigkeit. ..<\/p>\n<div class=\"reading\"><a href=\"https:\/\/www.airtracksports.com\/index.php\/kundengruppen\/tricking-material-arts\/\">Continue Reading<\/a><\/div>\n","protected":false},"author":1,"featured_media":0,"parent":1919,"menu_order":0,"comment_status":"closed","ping_status":"closed","template":"","meta":{"footnotes":""},"class_list":["post-2225","page","type-page","status-publish","hentry"],"yoast_head":"<!-- This site is optimized with the Yoast SEO plugin v27.5 - https:\/\/yoast.com\/product\/yoast-seo-wordpress\/ -->\n<title>Tricking &amp; Martial Arts - AirTrackSports<\/title>\n<meta name=\"robots\" content=\"index, follow, max-snippet:-1, max-image-preview:large, max-video-preview:-1\" \/>\n<link rel=\"canonical\" href=\"https:\/\/www.airtracksports.com\/index.php\/kundengruppen\/tricking-material-arts\/\" \/>\n<meta property=\"og:locale\" content=\"de_DE\" \/>\n<meta property=\"og:type\" content=\"article\" \/>\n<meta property=\"og:title\" content=\"Tricking &amp; Martial Arts - AirTrackSports\" \/>\n<meta property=\"og:description\" content=\"Bevorzugen Sie eine d\u00fcnne, stabile und sichere Oberfl\u00e4che f\u00fcr Kampfsportarten oder m\u00f6chten Sie etwas Luft schnappen? Airtrack Factory bietet Ausr\u00fcstungen, die jeder (Extrem-)Kampfsportler lieben wird!Unser 10 cm dicker Airfloor ist ideal zum \u00dcben von Stabilit\u00e4t, Agilit\u00e4t, Kraft, Ausdauer und Geschwindigkeit. ..Continue Reading\" \/>\n<meta property=\"og:url\" content=\"https:\/\/www.airtracksports.com\/index.php\/kundengruppen\/tricking-material-arts\/\" \/>\n<meta property=\"og:site_name\" content=\"AirTrackSports\" \/>\n<meta property=\"article:modified_time\" content=\"2020-07-08T10:42:24+00:00\" \/>\n<meta name=\"twitter:card\" content=\"summary_large_image\" \/>\n<meta name=\"twitter:label1\" content=\"Gesch\u00e4tzte Lesezeit\" \/>\n\t<meta name=\"twitter:data1\" content=\"1\u00a0Minute\" \/>\n<script type=\"application\/ld+json\" class=\"yoast-schema-graph\">{\"@context\":\"https:\\\/\\\/schema.org\",\"@graph\":[{\"@type\":\"WebPage\",\"@id\":\"https:\\\/\\\/www.airtracksports.com\\\/index.php\\\/kundengruppen\\\/tricking-material-arts\\\/\",\"url\":\"https:\\\/\\\/www.airtracksports.com\\\/index.php\\\/kundengruppen\\\/tricking-material-arts\\\/\",\"name\":\"Tricking &amp; Martial Arts - AirTrackSports\",\"isPartOf\":{\"@id\":\"https:\\\/\\\/www.airtracksports.com\\\/#website\"},\"datePublished\":\"2020-05-27T09:34:40+00:00\",\"dateModified\":\"2020-07-08T10:42:24+00:00\",\"breadcrumb\":{\"@id\":\"https:\\\/\\\/www.airtracksports.com\\\/index.php\\\/kundengruppen\\\/tricking-material-arts\\\/#breadcrumb\"},\"inLanguage\":\"de\",\"potentialAction\":[{\"@type\":\"ReadAction\",\"target\":[\"https:\\\/\\\/www.airtracksports.com\\\/index.php\\\/kundengruppen\\\/tricking-material-arts\\\/\"]}]},{\"@type\":\"BreadcrumbList\",\"@id\":\"https:\\\/\\\/www.airtracksports.com\\\/index.php\\\/kundengruppen\\\/tricking-material-arts\\\/#breadcrumb\",\"itemListElement\":[{\"@type\":\"ListItem\",\"position\":1,\"name\":\"Startseite\",\"item\":\"https:\\\/\\\/www.airtracksports.com\\\/\"},{\"@type\":\"ListItem\",\"position\":2,\"name\":\"Kundengruppen\",\"item\":\"https:\\\/\\\/www.airtracksports.com\\\/index.php\\\/kundengruppen\\\/\"},{\"@type\":\"ListItem\",\"position\":3,\"name\":\"Tricking &amp; Martial Arts\"}]},{\"@type\":\"WebSite\",\"@id\":\"https:\\\/\\\/www.airtracksports.com\\\/#website\",\"url\":\"https:\\\/\\\/www.airtracksports.com\\\/\",\"name\":\"AirTrackSports\",\"description\":\"\",\"publisher\":{\"@id\":\"https:\\\/\\\/www.airtracksports.com\\\/#organization\"},\"potentialAction\":[{\"@type\":\"SearchAction\",\"target\":{\"@type\":\"EntryPoint\",\"urlTemplate\":\"https:\\\/\\\/www.airtracksports.com\\\/?s={search_term_string}\"},\"query-input\":{\"@type\":\"PropertyValueSpecification\",\"valueRequired\":true,\"valueName\":\"search_term_string\"}}],\"inLanguage\":\"de\"},{\"@type\":\"Organization\",\"@id\":\"https:\\\/\\\/www.airtracksports.com\\\/#organization\",\"name\":\"AirTrackSports\",\"url\":\"https:\\\/\\\/www.airtracksports.com\\\/\",\"logo\":{\"@type\":\"ImageObject\",\"inLanguage\":\"de\",\"@id\":\"https:\\\/\\\/www.airtracksports.com\\\/#\\\/schema\\\/logo\\\/image\\\/\",\"url\":\"https:\\\/\\\/www.airtracksports.com\\\/wp-content\\\/uploads\\\/2020\\\/05\\\/cropped-LogoAirTrack-4.jpg\",\"contentUrl\":\"https:\\\/\\\/www.airtracksports.com\\\/wp-content\\\/uploads\\\/2020\\\/05\\\/cropped-LogoAirTrack-4.jpg\",\"width\":225,\"height\":90,\"caption\":\"AirTrackSports\"},\"image\":{\"@id\":\"https:\\\/\\\/www.airtracksports.com\\\/#\\\/schema\\\/logo\\\/image\\\/\"}}]}<\/script>\n<!-- \/ Yoast SEO plugin. -->","yoast_head_json":{"title":"Tricking &amp; Martial Arts - AirTrackSports","robots":{"index":"index","follow":"follow","max-snippet":"max-snippet:-1","max-image-preview":"max-image-preview:large","max-video-preview":"max-video-preview:-1"},"canonical":"https:\/\/www.airtracksports.com\/index.php\/kundengruppen\/tricking-material-arts\/","og_locale":"de_DE","og_type":"article","og_title":"Tricking &amp; Martial Arts - AirTrackSports","og_description":"Bevorzugen Sie eine d\u00fcnne, stabile und sichere Oberfl\u00e4che f\u00fcr Kampfsportarten oder m\u00f6chten Sie etwas Luft schnappen? Airtrack Factory bietet Ausr\u00fcstungen, die jeder (Extrem-)Kampfsportler lieben wird!Unser 10 cm dicker Airfloor ist ideal zum \u00dcben von Stabilit\u00e4t, Agilit\u00e4t, Kraft, Ausdauer und Geschwindigkeit. ..Continue Reading","og_url":"https:\/\/www.airtracksports.com\/index.php\/kundengruppen\/tricking-material-arts\/","og_site_name":"AirTrackSports","article_modified_time":"2020-07-08T10:42:24+00:00","twitter_card":"summary_large_image","twitter_misc":{"Gesch\u00e4tzte Lesezeit":"1\u00a0Minute"},"schema":{"@context":"https:\/\/schema.org","@graph":[{"@type":"WebPage","@id":"https:\/\/www.airtracksports.com\/index.php\/kundengruppen\/tricking-material-arts\/","url":"https:\/\/www.airtracksports.com\/index.php\/kundengruppen\/tricking-material-arts\/","name":"Tricking &amp; Martial Arts - AirTrackSports","isPartOf":{"@id":"https:\/\/www.airtracksports.com\/#website"},"datePublished":"2020-05-27T09:34:40+00:00","dateModified":"2020-07-08T10:42:24+00:00","breadcrumb":{"@id":"https:\/\/www.airtracksports.com\/index.php\/kundengruppen\/tricking-material-arts\/#breadcrumb"},"inLanguage":"de","potentialAction":[{"@type":"ReadAction","target":["https:\/\/www.airtracksports.com\/index.php\/kundengruppen\/tricking-material-arts\/"]}]},{"@type":"BreadcrumbList","@id":"https:\/\/www.airtracksports.com\/index.php\/kundengruppen\/tricking-material-arts\/#breadcrumb","itemListElement":[{"@type":"ListItem","position":1,"name":"Startseite","item":"https:\/\/www.airtracksports.com\/"},{"@type":"ListItem","position":2,"name":"Kundengruppen","item":"https:\/\/www.airtracksports.com\/index.php\/kundengruppen\/"},{"@type":"ListItem","position":3,"name":"Tricking &amp; Martial Arts"}]},{"@type":"WebSite","@id":"https:\/\/www.airtracksports.com\/#website","url":"https:\/\/www.airtracksports.com\/","name":"AirTrackSports","description":"","publisher":{"@id":"https:\/\/www.airtracksports.com\/#organization"},"potentialAction":[{"@type":"SearchAction","target":{"@type":"EntryPoint","urlTemplate":"https:\/\/www.airtracksports.com\/?s={search_term_string}"},"query-input":{"@type":"PropertyValueSpecification","valueRequired":true,"valueName":"search_term_string"}}],"inLanguage":"de"},{"@type":"Organization","@id":"https:\/\/www.airtracksports.com\/#organization","name":"AirTrackSports","url":"https:\/\/www.airtracksports.com\/","logo":{"@type":"ImageObject","inLanguage":"de","@id":"https:\/\/www.airtracksports.com\/#\/schema\/logo\/image\/","url":"https:\/\/www.airtracksports.com\/wp-content\/uploads\/2020\/05\/cropped-LogoAirTrack-4.jpg","contentUrl":"https:\/\/www.airtracksports.com\/wp-content\/uploads\/2020\/05\/cropped-LogoAirTrack-4.jpg","width":225,"height":90,"caption":"AirTrackSports"},"image":{"@id":"https:\/\/www.airtracksports.com\/#\/schema\/logo\/image\/"}}]}},"_links":{"self":[{"href":"https:\/\/www.airtracksports.com\/index.php\/wp-json\/wp\/v2\/pages\/2225","targetHints":{"allow":["GET"]}}],"collection":[{"href":"https:\/\/www.airtracksports.com\/index.php\/wp-json\/wp\/v2\/pages"}],"about":[{"href":"https:\/\/www.airtracksports.com\/index.php\/wp-json\/wp\/v2\/types\/page"}],"author":[{"embeddable":true,"href":"https:\/\/www.airtracksports.com\/index.php\/wp-json\/wp\/v2\/users\/1"}],"replies":[{"embeddable":true,"href":"https:\/\/www.airtracksports.com\/index.php\/wp-json\/wp\/v2\/comments?post=2225"}],"version-history":[{"count":6,"href":"https:\/\/www.airtracksports.com\/index.php\/wp-json\/wp\/v2\/pages\/2225\/revisions"}],"predecessor-version":[{"id":3298,"href":"https:\/\/www.airtracksports.com\/index.php\/wp-json\/wp\/v2\/pages\/2225\/revisions\/3298"}],"up":[{"embeddable":true,"href":"https:\/\/www.airtracksports.com\/index.php\/wp-json\/wp\/v2\/pages\/1919"}],"wp:attachment":[{"href":"https:\/\/www.airtracksports.com\/index.php\/wp-json\/wp\/v2\/media?parent=2225"}],"curies":[{"name":"wp","href":"https:\/\/api.w.org\/{rel}","templated":true}]}}