{"id":3201,"date":"2020-07-08T12:15:16","date_gmt":"2020-07-08T10:15:16","guid":{"rendered":"https:\/\/www.airtracksports.com\/index.php\/produits-professionnels\/"},"modified":"2025-11-24T13:24:03","modified_gmt":"2025-11-24T12:24:03","slug":"produits-professionnels","status":"publish","type":"page","link":"https:\/\/www.airtracksports.com\/index.php\/informations-sur-le-produit\/produits-professionnels\/?lang=fr","title":{"rendered":"Produits professionnels"},"content":{"rendered":"<h2><strong><a href=\"https:\/\/www.airtracksports.com\/index.php\/produkt\/airtrack-p3-generation-2\/?lang=fr\" target=\"_blank\" rel=\"noopener\">Airtrack G\u00e9n\u00e9ration<\/a><a href=\"https:\/\/www.airtracksports.com\/index.php\/produkt\/airtrack-p3-generation-2\/?lang=fr\" target=\"_blank\" rel=\"noopener\"> 2<\/a> &#8211; la prochaine g\u00e9n\u00e9ration d\u2019Airtracks<\/strong><\/h2>\n<p>Nous comprenons la <strong>puissance du mouvement<\/strong>. C\u2019est pour \u00e7a qu\u2019on continue. Avec le march\u00e9 et avec le temps. Avec notre nouveau AirTrack 2, nous soutenons la g\u00e9n\u00e9ration d\u2019aujourd\u2019hui et de demain. <strong>Meilleur rebond, moins de poids<\/strong> et <strong>meilleure prise<\/strong>.   <\/p>\n<p><iframe loading=\"lazy\" title=\"Introducing: AirTrack 2\" width=\"745\" height=\"419\" src=\"https:\/\/www.youtube.com\/embed\/8gv4YTZgWy4?feature=oembed\" frameborder=\"0\" allow=\"accelerometer; autoplay; clipboard-write; encrypted-media; gyroscope; picture-in-picture; web-share\" referrerpolicy=\"strict-origin-when-cross-origin\" allowfullscreen><\/iframe><\/p>\n<p>Voici <strong>l\u2019AirTrack 2<\/strong> \u2013 une avanc\u00e9e r\u00e9volutionnaire en mati\u00e8re de conception, de performance et de durabilit\u00e9. Fabriqu\u00e9 \u00e0 partir de mat\u00e9riaux neufs et \u00e9cologiques, il est <strong>40 % plus l\u00e9ger<\/strong>, se rabaisse plus petit et offre un <strong>rebond et une adh\u00e9rence<\/strong> in\u00e9gal\u00e9s. Ce n\u2019est pas seulement une question de fonctionnalit\u00e9 \u2013 le design \u00e9l\u00e9gant s\u2019int\u00e8gre parfaitement \u00e0 n\u2019importe quelle salle et est non seulement visuellement saisissant, mais aussi puissant.  <\/p>\n<p><img loading=\"lazy\" decoding=\"async\" class=\"alignnone size-medium wp-image-0\" src=\"https:\/\/www.airtracksports.com\/wp-content\/uploads\/2025\/11\/Screenshot-2025-11-24-132027-1-300x245.png\" alt=\"\" width=\"300\" height=\"208\"> <img loading=\"lazy\" decoding=\"async\" class=\"alignnone size-medium wp-image-0\" src=\"https:\/\/www.airtracksports.com\/wp-content\/uploads\/2025\/11\/Screenshot-2025-11-24-132004-1-300x229.png\" alt=\"\" width=\"300\" height=\"217\"><\/p>\n<p>L\u2019exercice est bien plus qu\u2019un simple entra\u00eenement \u2013 il s\u2019agit de d\u00e9couvrir, de cro\u00eetre et d\u2019atteindre de nouveaux sommets. Avec l\u2019AirTrack 2, votre entra\u00eenement prend une toute nouvelle dimension. Moins de temps de configuration, plus d\u2019efficacit\u00e9, et l\u2019\u00e9quilibre parfait entre soutien et flexibilit\u00e9 vous permettent de vous concentrer sur vos limites.  <\/p>\n<p><img loading=\"lazy\" decoding=\"async\" class=\"alignnone \" src=\"https:\/\/airtrackfactory.com\/resources\/uploads\/2024\/10\/Floating_landing-AirTrack2best_Shadow2.webp\" width=\"618\" height=\"309\"><\/p>\n<p>Choisissez <strong>l\u2019AirTrack 2<\/strong> pour un r\u00f4le pionnier dans l\u2019innovation. Faites passer vos comp\u00e9tences \u2014 et votre \u00e9quipe \u2014 au niveau sup\u00e9rieur avec une performance sup\u00e9rieure qui fait avancer l\u2019ensemble du march\u00e9. <\/p>\n<p>Nos mat\u00e9riaux bio-d\u2019origine r\u00e9duisent l\u2019impact environnemental sans compromettre la durabilit\u00e9 ou les performances. L\u2019AirTrack 2 est un pionnier en mati\u00e8re de durabilit\u00e9 et de performance sportive de haut niveau. Fa\u00e7onnons ensemble l\u2019avenir de l\u2019entra\u00eenement.<br \/>Faites passer votre formation au niveau sup\u00e9rieur avec l\u2019AirTrack 2 \u2013 o\u00f9 la performance optimale rencontre la durabilit\u00e9.<br \/>D\u00e9couvrez la prochaine g\u00e9n\u00e9ration d\u2019AirTracks qui am\u00e9liorent votre entra\u00eenement avec moins d\u2019efforts de d\u00e9veloppement et de meilleurs r\u00e9sultats lors de l\u2019entra\u00eenement.  <\/p>\n<h2><a href=\"https:\/\/www.airtracksports.com\/index.php\/produkt\/plancher-de-competition\/?lang=fr\" target=\"_blank\" rel=\"noopener noreferrer\"><strong>Competition floor &#8211; Sol de comp\u00e9tition<\/strong><\/a><\/h2>\n<p><img loading=\"lazy\" decoding=\"async\" class=\" wp-image-2546\" src=\"https:\/\/www.airtracksports.com\/wp-content\/uploads\/2020\/05\/Competition-floor-300x139.jpg\" alt=\"\" width=\"354\" height=\"164\" srcset=\"https:\/\/www.airtracksports.com\/wp-content\/uploads\/2020\/05\/Competition-floor-300x139.jpg 300w, https:\/\/www.airtracksports.com\/wp-content\/uploads\/2020\/05\/Competition-floor-scaled-600x278.jpg 600w, https:\/\/www.airtracksports.com\/wp-content\/uploads\/2020\/05\/Competition-floor-1024x475.jpg 1024w, https:\/\/www.airtracksports.com\/wp-content\/uploads\/2020\/05\/Competition-floor-768x356.jpg 768w, https:\/\/www.airtracksports.com\/wp-content\/uploads\/2020\/05\/Competition-floor-1536x713.jpg 1536w, https:\/\/www.airtracksports.com\/wp-content\/uploads\/2020\/05\/Competition-floor-2048x950.jpg 2048w\" sizes=\"auto, (max-width: 354px) 100vw, 354px\" \/><\/p>\n<p><strong>Temps de mise en place r\u00e9volutionnaire et transport facile !<\/strong> Un sol de taille comp\u00e9tition, modulaire et enti\u00e8rement r\u00e9glable en pression. Cela permet aux athl\u00e8tes de tous \u00e2ges et niveaux de faire leurs exercices sur un sol pr\u00e9cis\u00e9ment adapt\u00e9 \u00e0 leur physique et \u00e0 leur niveau de performance.<br \/>Le sol de comp\u00e9tition peut \u00eatre <strong>install\u00e9 4 fois plus rapidement<\/strong> qu\u2019un sol \u00e0 ressorts classique. Le parquet de comp\u00e9tition peut \u00eatre fabriqu\u00e9 de n\u2019importe quelle taille. Les tailles standard sont 12 x 12 m ou 14 x 14 m. Le plancher de comp\u00e9tition se compose de 6 ou 7 <a href=\"https:\/\/www.airtracksports.com\/index.php\/produkt\/plancher-dair-p1\/?lang=fr\" target=\"_blank\" rel=\"noopener noreferrer\">Airfloor P1<\/a> interconnect\u00e9s. Cependant, il peut aussi ne se composer que d\u2019une ou deux grandes parties. Nous serions ravis de discuter des avantages des planchers de comp\u00e9tition en plusieurs pi\u00e8ces ou en une seule pi\u00e8ce pour vous.       Un <a href=\"https:\/\/www.airtracksports.com\/index.php\/produkt\/infini-geblaese\/?lang=fr\" target=\"_blank\" rel=\"noopener noreferrer\">souffleur innovant<\/a> distribue l\u2019air automatiquement, uniform\u00e9ment et avec la pression d\u2019air souhait\u00e9e. La zone est sp\u00e9cialement con\u00e7ue pour les comp\u00e9titions et est id\u00e9ale pour cela car elle est mise en place tr\u00e8s rapidement. Une \u00e9quipe exp\u00e9riment\u00e9e parvient \u00e0 installer toute la zone en 30 minutes.<\/p>\n<p><iframe loading=\"lazy\" title=\"Competition Floor Set-up | AirTrack Factory\" width=\"745\" height=\"419\" src=\"https:\/\/www.youtube.com\/embed\/lN-sOQZKaj4?feature=oembed\" frameborder=\"0\" allow=\"accelerometer; autoplay; clipboard-write; encrypted-media; gyroscope; picture-in-picture; web-share\" referrerpolicy=\"strict-origin-when-cross-origin\" allowfullscreen><\/iframe><\/p>\n<p>Plus d\u2019informations sont disponibles dans la brochure &#8211;&gt; <a href=\"https:\/\/www.airtracksports.com\/wp-content\/uploads\/2024\/04\/AirFloor-Competition-DE.pdf\">AirFloor-Competition-EN.<\/a><\/p>\n<p>Si cela vous int\u00e9resse, veuillez nous envoyer un e-mail <a href=\"mailto:daniel@airtracksports.com\">\u00e0 info@airtracksports.com<\/a>.<\/p>\n\n<p><\/p>\n\n<h4 class=\"wp-block-heading\"><strong>Vid\u00e9o pour l\u2019assemblage Airtrack<\/strong><\/h4>\n\n<figure class=\"wp-block-embed is-type-video is-provider-youtube wp-block-embed-youtube wp-embed-aspect-16-9 wp-has-aspect-ratio\"><div class=\"wp-block-embed__wrapper\">\n<iframe loading=\"lazy\" title=\"How to: Set up \/ build up your AirTrack | AirTrack Academy\" width=\"745\" height=\"419\" src=\"https:\/\/www.youtube.com\/embed\/L4Evid_j9Ko?feature=oembed\" frameborder=\"0\" allow=\"accelerometer; autoplay; clipboard-write; encrypted-media; gyroscope; picture-in-picture; web-share\" referrerpolicy=\"strict-origin-when-cross-origin\" allowfullscreen><\/iframe>\n<\/div><\/figure>\n","protected":false},"excerpt":{"rendered":"<p>Airtrack G\u00e9n\u00e9ration 2 &#8211; la prochaine g\u00e9n\u00e9ration d\u2019Airtracks Nous comprenons la puissance du mouvement. C\u2019est pour \u00e7a qu\u2019on continue. Avec le march\u00e9 et avec le temps. Avec notre nouveau AirTrack 2, nous soutenons la g\u00e9n\u00e9ration d\u2019aujourd\u2019hui et de demain. Meilleur ..<\/p>\n<div class=\"reading\"><a href=\"https:\/\/www.airtracksports.com\/index.php\/informations-sur-le-produit\/produits-professionnels\/?lang=fr\">Continue Reading<\/a><\/div>\n","protected":false},"author":1,"featured_media":0,"parent":3222,"menu_order":0,"comment_status":"closed","ping_status":"closed","template":"","meta":{"footnotes":""},"class_list":["post-3201","page","type-page","status-publish","hentry"],"yoast_head":"<!-- This site is optimized with the Yoast SEO plugin v27.6 - https:\/\/yoast.com\/product\/yoast-seo-wordpress\/ -->\n<title>Airtracksports - Mat\u00e9riel professionnel pour la gymnastique - Infos<\/title>\n<meta name=\"robots\" content=\"index, follow, max-snippet:-1, max-image-preview:large, max-video-preview:-1\" \/>\n<link rel=\"canonical\" href=\"https:\/\/www.airtracksports.com\/index.php\/produktinfos\/profi-produkte\/\" \/>\n<meta property=\"og:locale\" content=\"de_DE\" \/>\n<meta property=\"og:type\" content=\"article\" \/>\n<meta property=\"og:title\" content=\"Airtracksports - Mat\u00e9riel professionnel pour la gymnastique - Infos\" \/>\n<meta property=\"og:description\" content=\"Airtrack G\u00e9n\u00e9ration 2 &#8211; la prochaine g\u00e9n\u00e9ration d\u2019Airtracks Nous comprenons la puissance du mouvement. C\u2019est pour \u00e7a qu\u2019on continue. Avec le march\u00e9 et avec le temps. Avec notre nouveau AirTrack 2, nous soutenons la g\u00e9n\u00e9ration d\u2019aujourd\u2019hui et de demain. Meilleur ..Continue Reading\" \/>\n<meta property=\"og:url\" content=\"https:\/\/www.airtracksports.com\/index.php\/produktinfos\/profi-produkte\/\" \/>\n<meta property=\"og:site_name\" content=\"AirTrackSports\" \/>\n<meta property=\"article:modified_time\" content=\"2025-11-24T12:24:03+00:00\" \/>\n<meta property=\"og:image\" content=\"https:\/\/www.airtracksports.com\/wp-content\/uploads\/2025\/11\/Screenshot-2025-11-24-132027-1-300x245.png\" \/>\n<meta name=\"twitter:card\" content=\"summary_large_image\" \/>\n<meta name=\"twitter:label1\" content=\"Gesch\u00e4tzte Lesezeit\" \/>\n\t<meta name=\"twitter:data1\" content=\"3\u00a0Minuten\" \/>\n<script type=\"application\/ld+json\" class=\"yoast-schema-graph\">{\"@context\":\"https:\\\/\\\/schema.org\",\"@graph\":[{\"@type\":\"WebPage\",\"@id\":\"https:\\\/\\\/www.airtracksports.com\\\/index.php\\\/produktinfos\\\/profi-produkte\\\/\",\"url\":\"https:\\\/\\\/www.airtracksports.com\\\/index.php\\\/produktinfos\\\/profi-produkte\\\/\",\"name\":\"Airtracksports - Mat\u00e9riel professionnel pour la gymnastique - Infos\",\"isPartOf\":{\"@id\":\"https:\\\/\\\/www.airtracksports.com\\\/#website\"},\"primaryImageOfPage\":{\"@id\":\"https:\\\/\\\/www.airtracksports.com\\\/index.php\\\/produktinfos\\\/profi-produkte\\\/#primaryimage\"},\"image\":{\"@id\":\"https:\\\/\\\/www.airtracksports.com\\\/index.php\\\/produktinfos\\\/profi-produkte\\\/#primaryimage\"},\"thumbnailUrl\":\"https:\\\/\\\/www.airtracksports.com\\\/wp-content\\\/uploads\\\/2025\\\/11\\\/Screenshot-2025-11-24-132027-1-300x245.png\",\"datePublished\":\"2020-07-08T10:15:16+00:00\",\"dateModified\":\"2025-11-24T12:24:03+00:00\",\"breadcrumb\":{\"@id\":\"https:\\\/\\\/www.airtracksports.com\\\/index.php\\\/produktinfos\\\/profi-produkte\\\/#breadcrumb\"},\"inLanguage\":\"de\",\"potentialAction\":[{\"@type\":\"ReadAction\",\"target\":[\"https:\\\/\\\/www.airtracksports.com\\\/index.php\\\/produktinfos\\\/profi-produkte\\\/\"]}]},{\"@type\":\"ImageObject\",\"inLanguage\":\"de\",\"@id\":\"https:\\\/\\\/www.airtracksports.com\\\/index.php\\\/produktinfos\\\/profi-produkte\\\/#primaryimage\",\"url\":\"https:\\\/\\\/www.airtracksports.com\\\/wp-content\\\/uploads\\\/2025\\\/11\\\/Screenshot-2025-11-24-132027-1.png\",\"contentUrl\":\"https:\\\/\\\/www.airtracksports.com\\\/wp-content\\\/uploads\\\/2025\\\/11\\\/Screenshot-2025-11-24-132027-1.png\",\"width\":474,\"height\":387},{\"@type\":\"BreadcrumbList\",\"@id\":\"https:\\\/\\\/www.airtracksports.com\\\/index.php\\\/produktinfos\\\/profi-produkte\\\/#breadcrumb\",\"itemListElement\":[{\"@type\":\"ListItem\",\"position\":1,\"name\":\"Startseite\",\"item\":\"https:\\\/\\\/www.airtracksports.com\\\/\"},{\"@type\":\"ListItem\",\"position\":2,\"name\":\"Infos produits\",\"item\":\"https:\\\/\\\/www.airtracksports.com\\\/index.php\\\/produktinfos\\\/\"},{\"@type\":\"ListItem\",\"position\":3,\"name\":\"Produits professionnels\"}]},{\"@type\":\"WebSite\",\"@id\":\"https:\\\/\\\/www.airtracksports.com\\\/#website\",\"url\":\"https:\\\/\\\/www.airtracksports.com\\\/\",\"name\":\"AirTrackSports\",\"description\":\"\",\"publisher\":{\"@id\":\"https:\\\/\\\/www.airtracksports.com\\\/#organization\"},\"potentialAction\":[{\"@type\":\"SearchAction\",\"target\":{\"@type\":\"EntryPoint\",\"urlTemplate\":\"https:\\\/\\\/www.airtracksports.com\\\/?s={search_term_string}\"},\"query-input\":{\"@type\":\"PropertyValueSpecification\",\"valueRequired\":true,\"valueName\":\"search_term_string\"}}],\"inLanguage\":\"de\"},{\"@type\":\"Organization\",\"@id\":\"https:\\\/\\\/www.airtracksports.com\\\/#organization\",\"name\":\"AirTrackSports\",\"url\":\"https:\\\/\\\/www.airtracksports.com\\\/\",\"logo\":{\"@type\":\"ImageObject\",\"inLanguage\":\"de\",\"@id\":\"https:\\\/\\\/www.airtracksports.com\\\/#\\\/schema\\\/logo\\\/image\\\/\",\"url\":\"https:\\\/\\\/www.airtracksports.com\\\/wp-content\\\/uploads\\\/2020\\\/05\\\/cropped-LogoAirTrack-4.jpg\",\"contentUrl\":\"https:\\\/\\\/www.airtracksports.com\\\/wp-content\\\/uploads\\\/2020\\\/05\\\/cropped-LogoAirTrack-4.jpg\",\"width\":225,\"height\":90,\"caption\":\"AirTrackSports\"},\"image\":{\"@id\":\"https:\\\/\\\/www.airtracksports.com\\\/#\\\/schema\\\/logo\\\/image\\\/\"}}]}<\/script>\n<!-- \/ Yoast SEO plugin. -->","yoast_head_json":{"title":"Airtracksports - Mat\u00e9riel professionnel pour la gymnastique - Infos","robots":{"index":"index","follow":"follow","max-snippet":"max-snippet:-1","max-image-preview":"max-image-preview:large","max-video-preview":"max-video-preview:-1"},"canonical":"https:\/\/www.airtracksports.com\/index.php\/produktinfos\/profi-produkte\/","og_locale":"de_DE","og_type":"article","og_title":"Airtracksports - Mat\u00e9riel professionnel pour la gymnastique - Infos","og_description":"Airtrack G\u00e9n\u00e9ration 2 &#8211; la prochaine g\u00e9n\u00e9ration d\u2019Airtracks Nous comprenons la puissance du mouvement. C\u2019est pour \u00e7a qu\u2019on continue. Avec le march\u00e9 et avec le temps. Avec notre nouveau AirTrack 2, nous soutenons la g\u00e9n\u00e9ration d\u2019aujourd\u2019hui et de demain. Meilleur ..Continue Reading","og_url":"https:\/\/www.airtracksports.com\/index.php\/produktinfos\/profi-produkte\/","og_site_name":"AirTrackSports","article_modified_time":"2025-11-24T12:24:03+00:00","og_image":[{"url":"https:\/\/www.airtracksports.com\/wp-content\/uploads\/2025\/11\/Screenshot-2025-11-24-132027-1-300x245.png","type":"","width":"","height":""}],"twitter_card":"summary_large_image","twitter_misc":{"Gesch\u00e4tzte Lesezeit":"3\u00a0Minuten"},"schema":{"@context":"https:\/\/schema.org","@graph":[{"@type":"WebPage","@id":"https:\/\/www.airtracksports.com\/index.php\/produktinfos\/profi-produkte\/","url":"https:\/\/www.airtracksports.com\/index.php\/produktinfos\/profi-produkte\/","name":"Airtracksports - Mat\u00e9riel professionnel pour la gymnastique - Infos","isPartOf":{"@id":"https:\/\/www.airtracksports.com\/#website"},"primaryImageOfPage":{"@id":"https:\/\/www.airtracksports.com\/index.php\/produktinfos\/profi-produkte\/#primaryimage"},"image":{"@id":"https:\/\/www.airtracksports.com\/index.php\/produktinfos\/profi-produkte\/#primaryimage"},"thumbnailUrl":"https:\/\/www.airtracksports.com\/wp-content\/uploads\/2025\/11\/Screenshot-2025-11-24-132027-1-300x245.png","datePublished":"2020-07-08T10:15:16+00:00","dateModified":"2025-11-24T12:24:03+00:00","breadcrumb":{"@id":"https:\/\/www.airtracksports.com\/index.php\/produktinfos\/profi-produkte\/#breadcrumb"},"inLanguage":"de","potentialAction":[{"@type":"ReadAction","target":["https:\/\/www.airtracksports.com\/index.php\/produktinfos\/profi-produkte\/"]}]},{"@type":"ImageObject","inLanguage":"de","@id":"https:\/\/www.airtracksports.com\/index.php\/produktinfos\/profi-produkte\/#primaryimage","url":"https:\/\/www.airtracksports.com\/wp-content\/uploads\/2025\/11\/Screenshot-2025-11-24-132027-1.png","contentUrl":"https:\/\/www.airtracksports.com\/wp-content\/uploads\/2025\/11\/Screenshot-2025-11-24-132027-1.png","width":474,"height":387},{"@type":"BreadcrumbList","@id":"https:\/\/www.airtracksports.com\/index.php\/produktinfos\/profi-produkte\/#breadcrumb","itemListElement":[{"@type":"ListItem","position":1,"name":"Startseite","item":"https:\/\/www.airtracksports.com\/"},{"@type":"ListItem","position":2,"name":"Infos produits","item":"https:\/\/www.airtracksports.com\/index.php\/produktinfos\/"},{"@type":"ListItem","position":3,"name":"Produits professionnels"}]},{"@type":"WebSite","@id":"https:\/\/www.airtracksports.com\/#website","url":"https:\/\/www.airtracksports.com\/","name":"AirTrackSports","description":"","publisher":{"@id":"https:\/\/www.airtracksports.com\/#organization"},"potentialAction":[{"@type":"SearchAction","target":{"@type":"EntryPoint","urlTemplate":"https:\/\/www.airtracksports.com\/?s={search_term_string}"},"query-input":{"@type":"PropertyValueSpecification","valueRequired":true,"valueName":"search_term_string"}}],"inLanguage":"de"},{"@type":"Organization","@id":"https:\/\/www.airtracksports.com\/#organization","name":"AirTrackSports","url":"https:\/\/www.airtracksports.com\/","logo":{"@type":"ImageObject","inLanguage":"de","@id":"https:\/\/www.airtracksports.com\/#\/schema\/logo\/image\/","url":"https:\/\/www.airtracksports.com\/wp-content\/uploads\/2020\/05\/cropped-LogoAirTrack-4.jpg","contentUrl":"https:\/\/www.airtracksports.com\/wp-content\/uploads\/2020\/05\/cropped-LogoAirTrack-4.jpg","width":225,"height":90,"caption":"AirTrackSports"},"image":{"@id":"https:\/\/www.airtracksports.com\/#\/schema\/logo\/image\/"}}]}},"_links":{"self":[{"href":"https:\/\/www.airtracksports.com\/index.php\/wp-json\/wp\/v2\/pages\/3201","targetHints":{"allow":["GET"]}}],"collection":[{"href":"https:\/\/www.airtracksports.com\/index.php\/wp-json\/wp\/v2\/pages"}],"about":[{"href":"https:\/\/www.airtracksports.com\/index.php\/wp-json\/wp\/v2\/types\/page"}],"author":[{"embeddable":true,"href":"https:\/\/www.airtracksports.com\/index.php\/wp-json\/wp\/v2\/users\/1"}],"replies":[{"embeddable":true,"href":"https:\/\/www.airtracksports.com\/index.php\/wp-json\/wp\/v2\/comments?post=3201"}],"version-history":[{"count":15,"href":"https:\/\/www.airtracksports.com\/index.php\/wp-json\/wp\/v2\/pages\/3201\/revisions"}],"predecessor-version":[{"id":7374,"href":"https:\/\/www.airtracksports.com\/index.php\/wp-json\/wp\/v2\/pages\/3201\/revisions\/7374"}],"up":[{"embeddable":true,"href":"https:\/\/www.airtracksports.com\/index.php\/wp-json\/wp\/v2\/pages\/3222"}],"wp:attachment":[{"href":"https:\/\/www.airtracksports.com\/index.php\/wp-json\/wp\/v2\/media?parent=3201"}],"curies":[{"name":"wp","href":"https:\/\/api.w.org\/{rel}","templated":true}]}}