{"id":3284,"date":"2020-07-08T12:38:47","date_gmt":"2020-07-08T10:38:47","guid":{"rendered":"https:\/\/www.airtracksports.com\/index.php\/groupes-de-clients\/tricking-martial-arts\/"},"modified":"2020-07-16T13:19:22","modified_gmt":"2020-07-16T11:19:22","slug":"tricking-martial-arts","status":"publish","type":"page","link":"https:\/\/www.airtracksports.com\/index.php\/groupes-de-clients\/tricking-martial-arts\/?lang=fr","title":{"rendered":"Tricking &amp; Martial Arts"},"content":{"rendered":"\n<p>Pr\u00e9f\u00e9rez-vous une surface mince, stable et s\u00fbre pour les arts martiaux ou souhaitez-vous prendre un peu d\u2019air? Airtrackfactory offre des \u00e9quipements que n\u2019importe quel chasseur (extr\u00eame) adorera!<br>Notre plancher d\u2019air de 10 cm d\u2019\u00e9paisseur est id\u00e9al pour pratiquer la stabilit\u00e9, l\u2019agilit\u00e9, la force, l\u2019endurance et la vitesse. Connectez plusieurs Airfloors pour cr\u00e9er un plancher complet, l\u00e9ger et portable pour la formation et les spectacles.<br>Tu en veux plus ? Essayez notre c\u00e9l\u00e8bre Airtrick de 30 cm d\u2019\u00e9paisseur! En ajustant la pression, vous pouvez trouver votre saut id\u00e9al. L\u2019Airtrick est c\u00e9l\u00e8bre pour la hauteur incroyable qu\u2019il vous offre. Il est id\u00e9al pour les tours lourds et vous verrez comment vous vous am\u00e9liorez en un rien de temps!<\/p>\n\n\n\n<p><span class=\"has-inline-color has-vivid-cyan-blue-color\">\u00abAirtrick est un favori absolu des tricheurs professionnels et les jeunes enfants.\u00bb<\/span> Travis Wong, Tricker, Temple de la renomm\u00e9e des arts martiaux<\/p>\n","protected":false},"excerpt":{"rendered":"<p>Pr\u00e9f\u00e9rez-vous une surface mince, stable et s\u00fbre pour les arts martiaux ou souhaitez-vous prendre un peu d\u2019air? Airtrackfactory offre des \u00e9quipements que n\u2019importe quel chasseur (extr\u00eame) adorera!Notre plancher d\u2019air de 10 cm d\u2019\u00e9paisseur est id\u00e9al pour pratiquer la stabilit\u00e9, l\u2019agilit\u00e9, ..<\/p>\n<div class=\"reading\"><a href=\"https:\/\/www.airtracksports.com\/index.php\/groupes-de-clients\/tricking-martial-arts\/?lang=fr\">Continue Reading<\/a><\/div>\n","protected":false},"author":1,"featured_media":0,"parent":3251,"menu_order":0,"comment_status":"closed","ping_status":"closed","template":"","meta":{"footnotes":""},"class_list":["post-3284","page","type-page","status-publish","hentry"],"yoast_head":"<!-- This site is optimized with the Yoast SEO plugin v27.5 - https:\/\/yoast.com\/product\/yoast-seo-wordpress\/ -->\n<title>Tricking &amp; Martial Arts - AirTrackSports<\/title>\n<meta name=\"robots\" content=\"index, follow, max-snippet:-1, max-image-preview:large, max-video-preview:-1\" \/>\n<link rel=\"canonical\" href=\"https:\/\/www.airtracksports.com\/index.php\/kundengruppen\/tricking-material-arts\/\" \/>\n<meta property=\"og:locale\" content=\"de_DE\" \/>\n<meta property=\"og:type\" content=\"article\" \/>\n<meta property=\"og:title\" content=\"Tricking &amp; Martial Arts - AirTrackSports\" \/>\n<meta property=\"og:description\" content=\"Pr\u00e9f\u00e9rez-vous une surface mince, stable et s\u00fbre pour les arts martiaux ou souhaitez-vous prendre un peu d\u2019air? Airtrackfactory offre des \u00e9quipements que n\u2019importe quel chasseur (extr\u00eame) adorera!Notre plancher d\u2019air de 10 cm d\u2019\u00e9paisseur est id\u00e9al pour pratiquer la stabilit\u00e9, l\u2019agilit\u00e9, ..Continue Reading\" \/>\n<meta property=\"og:url\" content=\"https:\/\/www.airtracksports.com\/index.php\/kundengruppen\/tricking-material-arts\/\" \/>\n<meta property=\"og:site_name\" content=\"AirTrackSports\" \/>\n<meta property=\"article:modified_time\" content=\"2020-07-16T11:19:22+00:00\" \/>\n<meta name=\"twitter:card\" content=\"summary_large_image\" \/>\n<meta name=\"twitter:label1\" content=\"Gesch\u00e4tzte Lesezeit\" \/>\n\t<meta name=\"twitter:data1\" content=\"1\u00a0Minute\" \/>\n<script type=\"application\/ld+json\" class=\"yoast-schema-graph\">{\"@context\":\"https:\\\/\\\/schema.org\",\"@graph\":[{\"@type\":\"WebPage\",\"@id\":\"https:\\\/\\\/www.airtracksports.com\\\/index.php\\\/kundengruppen\\\/tricking-material-arts\\\/\",\"url\":\"https:\\\/\\\/www.airtracksports.com\\\/index.php\\\/kundengruppen\\\/tricking-material-arts\\\/\",\"name\":\"Tricking &amp; Martial Arts - AirTrackSports\",\"isPartOf\":{\"@id\":\"https:\\\/\\\/www.airtracksports.com\\\/#website\"},\"datePublished\":\"2020-07-08T10:38:47+00:00\",\"dateModified\":\"2020-07-16T11:19:22+00:00\",\"breadcrumb\":{\"@id\":\"https:\\\/\\\/www.airtracksports.com\\\/index.php\\\/kundengruppen\\\/tricking-material-arts\\\/#breadcrumb\"},\"inLanguage\":\"de\",\"potentialAction\":[{\"@type\":\"ReadAction\",\"target\":[\"https:\\\/\\\/www.airtracksports.com\\\/index.php\\\/kundengruppen\\\/tricking-material-arts\\\/\"]}]},{\"@type\":\"BreadcrumbList\",\"@id\":\"https:\\\/\\\/www.airtracksports.com\\\/index.php\\\/kundengruppen\\\/tricking-material-arts\\\/#breadcrumb\",\"itemListElement\":[{\"@type\":\"ListItem\",\"position\":1,\"name\":\"Startseite\",\"item\":\"https:\\\/\\\/www.airtracksports.com\\\/\"},{\"@type\":\"ListItem\",\"position\":2,\"name\":\"Types de clients\",\"item\":\"https:\\\/\\\/www.airtracksports.com\\\/index.php\\\/groupes-de-clients\\\/?lang=fr\"},{\"@type\":\"ListItem\",\"position\":3,\"name\":\"Tricking &amp; Martial Arts\"}]},{\"@type\":\"WebSite\",\"@id\":\"https:\\\/\\\/www.airtracksports.com\\\/#website\",\"url\":\"https:\\\/\\\/www.airtracksports.com\\\/\",\"name\":\"AirTrackSports\",\"description\":\"\",\"publisher\":{\"@id\":\"https:\\\/\\\/www.airtracksports.com\\\/#organization\"},\"potentialAction\":[{\"@type\":\"SearchAction\",\"target\":{\"@type\":\"EntryPoint\",\"urlTemplate\":\"https:\\\/\\\/www.airtracksports.com\\\/?s={search_term_string}\"},\"query-input\":{\"@type\":\"PropertyValueSpecification\",\"valueRequired\":true,\"valueName\":\"search_term_string\"}}],\"inLanguage\":\"de\"},{\"@type\":\"Organization\",\"@id\":\"https:\\\/\\\/www.airtracksports.com\\\/#organization\",\"name\":\"AirTrackSports\",\"url\":\"https:\\\/\\\/www.airtracksports.com\\\/\",\"logo\":{\"@type\":\"ImageObject\",\"inLanguage\":\"de\",\"@id\":\"https:\\\/\\\/www.airtracksports.com\\\/#\\\/schema\\\/logo\\\/image\\\/\",\"url\":\"https:\\\/\\\/www.airtracksports.com\\\/wp-content\\\/uploads\\\/2020\\\/05\\\/cropped-LogoAirTrack-4.jpg\",\"contentUrl\":\"https:\\\/\\\/www.airtracksports.com\\\/wp-content\\\/uploads\\\/2020\\\/05\\\/cropped-LogoAirTrack-4.jpg\",\"width\":225,\"height\":90,\"caption\":\"AirTrackSports\"},\"image\":{\"@id\":\"https:\\\/\\\/www.airtracksports.com\\\/#\\\/schema\\\/logo\\\/image\\\/\"}}]}<\/script>\n<!-- \/ Yoast SEO plugin. -->","yoast_head_json":{"title":"Tricking &amp; Martial Arts - AirTrackSports","robots":{"index":"index","follow":"follow","max-snippet":"max-snippet:-1","max-image-preview":"max-image-preview:large","max-video-preview":"max-video-preview:-1"},"canonical":"https:\/\/www.airtracksports.com\/index.php\/kundengruppen\/tricking-material-arts\/","og_locale":"de_DE","og_type":"article","og_title":"Tricking &amp; Martial Arts - AirTrackSports","og_description":"Pr\u00e9f\u00e9rez-vous une surface mince, stable et s\u00fbre pour les arts martiaux ou souhaitez-vous prendre un peu d\u2019air? Airtrackfactory offre des \u00e9quipements que n\u2019importe quel chasseur (extr\u00eame) adorera!Notre plancher d\u2019air de 10 cm d\u2019\u00e9paisseur est id\u00e9al pour pratiquer la stabilit\u00e9, l\u2019agilit\u00e9, ..Continue Reading","og_url":"https:\/\/www.airtracksports.com\/index.php\/kundengruppen\/tricking-material-arts\/","og_site_name":"AirTrackSports","article_modified_time":"2020-07-16T11:19:22+00:00","twitter_card":"summary_large_image","twitter_misc":{"Gesch\u00e4tzte Lesezeit":"1\u00a0Minute"},"schema":{"@context":"https:\/\/schema.org","@graph":[{"@type":"WebPage","@id":"https:\/\/www.airtracksports.com\/index.php\/kundengruppen\/tricking-material-arts\/","url":"https:\/\/www.airtracksports.com\/index.php\/kundengruppen\/tricking-material-arts\/","name":"Tricking &amp; Martial Arts - AirTrackSports","isPartOf":{"@id":"https:\/\/www.airtracksports.com\/#website"},"datePublished":"2020-07-08T10:38:47+00:00","dateModified":"2020-07-16T11:19:22+00:00","breadcrumb":{"@id":"https:\/\/www.airtracksports.com\/index.php\/kundengruppen\/tricking-material-arts\/#breadcrumb"},"inLanguage":"de","potentialAction":[{"@type":"ReadAction","target":["https:\/\/www.airtracksports.com\/index.php\/kundengruppen\/tricking-material-arts\/"]}]},{"@type":"BreadcrumbList","@id":"https:\/\/www.airtracksports.com\/index.php\/kundengruppen\/tricking-material-arts\/#breadcrumb","itemListElement":[{"@type":"ListItem","position":1,"name":"Startseite","item":"https:\/\/www.airtracksports.com\/"},{"@type":"ListItem","position":2,"name":"Types de clients","item":"https:\/\/www.airtracksports.com\/index.php\/groupes-de-clients\/?lang=fr"},{"@type":"ListItem","position":3,"name":"Tricking &amp; Martial Arts"}]},{"@type":"WebSite","@id":"https:\/\/www.airtracksports.com\/#website","url":"https:\/\/www.airtracksports.com\/","name":"AirTrackSports","description":"","publisher":{"@id":"https:\/\/www.airtracksports.com\/#organization"},"potentialAction":[{"@type":"SearchAction","target":{"@type":"EntryPoint","urlTemplate":"https:\/\/www.airtracksports.com\/?s={search_term_string}"},"query-input":{"@type":"PropertyValueSpecification","valueRequired":true,"valueName":"search_term_string"}}],"inLanguage":"de"},{"@type":"Organization","@id":"https:\/\/www.airtracksports.com\/#organization","name":"AirTrackSports","url":"https:\/\/www.airtracksports.com\/","logo":{"@type":"ImageObject","inLanguage":"de","@id":"https:\/\/www.airtracksports.com\/#\/schema\/logo\/image\/","url":"https:\/\/www.airtracksports.com\/wp-content\/uploads\/2020\/05\/cropped-LogoAirTrack-4.jpg","contentUrl":"https:\/\/www.airtracksports.com\/wp-content\/uploads\/2020\/05\/cropped-LogoAirTrack-4.jpg","width":225,"height":90,"caption":"AirTrackSports"},"image":{"@id":"https:\/\/www.airtracksports.com\/#\/schema\/logo\/image\/"}}]}},"_links":{"self":[{"href":"https:\/\/www.airtracksports.com\/index.php\/wp-json\/wp\/v2\/pages\/3284","targetHints":{"allow":["GET"]}}],"collection":[{"href":"https:\/\/www.airtracksports.com\/index.php\/wp-json\/wp\/v2\/pages"}],"about":[{"href":"https:\/\/www.airtracksports.com\/index.php\/wp-json\/wp\/v2\/types\/page"}],"author":[{"embeddable":true,"href":"https:\/\/www.airtracksports.com\/index.php\/wp-json\/wp\/v2\/users\/1"}],"replies":[{"embeddable":true,"href":"https:\/\/www.airtracksports.com\/index.php\/wp-json\/wp\/v2\/comments?post=3284"}],"version-history":[{"count":5,"href":"https:\/\/www.airtracksports.com\/index.php\/wp-json\/wp\/v2\/pages\/3284\/revisions"}],"predecessor-version":[{"id":3821,"href":"https:\/\/www.airtracksports.com\/index.php\/wp-json\/wp\/v2\/pages\/3284\/revisions\/3821"}],"up":[{"embeddable":true,"href":"https:\/\/www.airtracksports.com\/index.php\/wp-json\/wp\/v2\/pages\/3251"}],"wp:attachment":[{"href":"https:\/\/www.airtracksports.com\/index.php\/wp-json\/wp\/v2\/media?parent=3284"}],"curies":[{"name":"wp","href":"https:\/\/api.w.org\/{rel}","templated":true}]}}