{"id":3288,"date":"2020-07-08T12:39:21","date_gmt":"2020-07-08T10:39:21","guid":{"rendered":"https:\/\/www.airtracksports.com\/index.php\/groupes-de-clients\/clubs-de-gymnastique\/"},"modified":"2020-07-16T13:20:13","modified_gmt":"2020-07-16T11:20:13","slug":"clubs-de-gymnastique","status":"publish","type":"page","link":"https:\/\/www.airtracksports.com\/index.php\/groupes-de-clients\/clubs-de-gymnastique\/?lang=fr","title":{"rendered":"Clubs de gymnastique"},"content":{"rendered":"\n<p>Les tout premiers airtracks ont \u00e9t\u00e9 d\u00e9velopp\u00e9s pour et par les gymnastes. De nos jours, les entra\u00eeneurs remplacent les \u00e9quipements de gymnastique conventionnels tels que la bo\u00eete, les tapis de mousse et les tremplins par des produits \u00e0 air.<br>Nos nattes sont caract\u00e9ris\u00e9es par le fait qu\u2019ils se sentent soft sur le corps et sont l\u00e9gers et petits \u00e0 stocker, tandis que les dispositifs conventionnels sont lourds, volumineux et le corps.<br>Sur Airtracks, l&#8217;entra\u00eenement est plus s\u00fbre, plus agr\u00e9able et plus efficace qu\u2019avec les appareils conventionnels.<br>Les gymnastes de tous les niveaux auront beaucoup de plaisir!<\/p>\n\n\n\n<p><span class=\"has-inline-color has-vivid-cyan-blue-color\">\u00ab Les pistes a\u00e9riennes sont l\u2019une des meilleures innovations qui ont \u00e9t\u00e9 r\u00e9alis\u00e9es ces derni\u00e8res ann\u00e9es. Il n\u2019y a presque rien qui ressemble \u00e0 l\u2019Airtrack en termes de motivation et de plaisir et peut \u00eatre utilis\u00e9 dans un tel large \u00e9ventail! <\/span><span class=\"has-inline-color has-very-dark-gray-color\">Sebastian D\u00f6rr, professeur d\u2019\u00e9ducation physique et formateur\u00bb<\/span><\/p>\n","protected":false},"excerpt":{"rendered":"<p>Les tout premiers airtracks ont \u00e9t\u00e9 d\u00e9velopp\u00e9s pour et par les gymnastes. De nos jours, les entra\u00eeneurs remplacent les \u00e9quipements de gymnastique conventionnels tels que la bo\u00eete, les tapis de mousse et les tremplins par des produits \u00e0 air.Nos nattes ..<\/p>\n<div class=\"reading\"><a href=\"https:\/\/www.airtracksports.com\/index.php\/groupes-de-clients\/clubs-de-gymnastique\/?lang=fr\">Continue Reading<\/a><\/div>\n","protected":false},"author":1,"featured_media":0,"parent":3251,"menu_order":0,"comment_status":"closed","ping_status":"closed","template":"","meta":{"footnotes":""},"class_list":["post-3288","page","type-page","status-publish","hentry"],"yoast_head":"<!-- This site is optimized with the Yoast SEO plugin v27.5 - https:\/\/yoast.com\/product\/yoast-seo-wordpress\/ -->\n<title>Clubs de gymnastique - AirTrackSports<\/title>\n<meta name=\"robots\" content=\"index, follow, max-snippet:-1, max-image-preview:large, max-video-preview:-1\" \/>\n<link rel=\"canonical\" href=\"https:\/\/www.airtracksports.com\/index.php\/kundengruppen\/turnvereine\/\" \/>\n<meta property=\"og:locale\" content=\"de_DE\" \/>\n<meta property=\"og:type\" content=\"article\" \/>\n<meta property=\"og:title\" content=\"Clubs de gymnastique - AirTrackSports\" \/>\n<meta property=\"og:description\" content=\"Les tout premiers airtracks ont \u00e9t\u00e9 d\u00e9velopp\u00e9s pour et par les gymnastes. De nos jours, les entra\u00eeneurs remplacent les \u00e9quipements de gymnastique conventionnels tels que la bo\u00eete, les tapis de mousse et les tremplins par des produits \u00e0 air.Nos nattes ..Continue Reading\" \/>\n<meta property=\"og:url\" content=\"https:\/\/www.airtracksports.com\/index.php\/kundengruppen\/turnvereine\/\" \/>\n<meta property=\"og:site_name\" content=\"AirTrackSports\" \/>\n<meta property=\"article:modified_time\" content=\"2020-07-16T11:20:13+00:00\" \/>\n<meta name=\"twitter:card\" content=\"summary_large_image\" \/>\n<meta name=\"twitter:label1\" content=\"Gesch\u00e4tzte Lesezeit\" \/>\n\t<meta name=\"twitter:data1\" content=\"1\u00a0Minute\" \/>\n<script type=\"application\/ld+json\" class=\"yoast-schema-graph\">{\"@context\":\"https:\\\/\\\/schema.org\",\"@graph\":[{\"@type\":\"WebPage\",\"@id\":\"https:\\\/\\\/www.airtracksports.com\\\/index.php\\\/kundengruppen\\\/turnvereine\\\/\",\"url\":\"https:\\\/\\\/www.airtracksports.com\\\/index.php\\\/kundengruppen\\\/turnvereine\\\/\",\"name\":\"Clubs de gymnastique - AirTrackSports\",\"isPartOf\":{\"@id\":\"https:\\\/\\\/www.airtracksports.com\\\/#website\"},\"datePublished\":\"2020-07-08T10:39:21+00:00\",\"dateModified\":\"2020-07-16T11:20:13+00:00\",\"breadcrumb\":{\"@id\":\"https:\\\/\\\/www.airtracksports.com\\\/index.php\\\/kundengruppen\\\/turnvereine\\\/#breadcrumb\"},\"inLanguage\":\"de\",\"potentialAction\":[{\"@type\":\"ReadAction\",\"target\":[\"https:\\\/\\\/www.airtracksports.com\\\/index.php\\\/kundengruppen\\\/turnvereine\\\/\"]}]},{\"@type\":\"BreadcrumbList\",\"@id\":\"https:\\\/\\\/www.airtracksports.com\\\/index.php\\\/kundengruppen\\\/turnvereine\\\/#breadcrumb\",\"itemListElement\":[{\"@type\":\"ListItem\",\"position\":1,\"name\":\"Startseite\",\"item\":\"https:\\\/\\\/www.airtracksports.com\\\/\"},{\"@type\":\"ListItem\",\"position\":2,\"name\":\"Types de clients\",\"item\":\"https:\\\/\\\/www.airtracksports.com\\\/index.php\\\/groupes-de-clients\\\/?lang=fr\"},{\"@type\":\"ListItem\",\"position\":3,\"name\":\"Clubs de gymnastique\"}]},{\"@type\":\"WebSite\",\"@id\":\"https:\\\/\\\/www.airtracksports.com\\\/#website\",\"url\":\"https:\\\/\\\/www.airtracksports.com\\\/\",\"name\":\"AirTrackSports\",\"description\":\"\",\"publisher\":{\"@id\":\"https:\\\/\\\/www.airtracksports.com\\\/#organization\"},\"potentialAction\":[{\"@type\":\"SearchAction\",\"target\":{\"@type\":\"EntryPoint\",\"urlTemplate\":\"https:\\\/\\\/www.airtracksports.com\\\/?s={search_term_string}\"},\"query-input\":{\"@type\":\"PropertyValueSpecification\",\"valueRequired\":true,\"valueName\":\"search_term_string\"}}],\"inLanguage\":\"de\"},{\"@type\":\"Organization\",\"@id\":\"https:\\\/\\\/www.airtracksports.com\\\/#organization\",\"name\":\"AirTrackSports\",\"url\":\"https:\\\/\\\/www.airtracksports.com\\\/\",\"logo\":{\"@type\":\"ImageObject\",\"inLanguage\":\"de\",\"@id\":\"https:\\\/\\\/www.airtracksports.com\\\/#\\\/schema\\\/logo\\\/image\\\/\",\"url\":\"https:\\\/\\\/www.airtracksports.com\\\/wp-content\\\/uploads\\\/2020\\\/05\\\/cropped-LogoAirTrack-4.jpg\",\"contentUrl\":\"https:\\\/\\\/www.airtracksports.com\\\/wp-content\\\/uploads\\\/2020\\\/05\\\/cropped-LogoAirTrack-4.jpg\",\"width\":225,\"height\":90,\"caption\":\"AirTrackSports\"},\"image\":{\"@id\":\"https:\\\/\\\/www.airtracksports.com\\\/#\\\/schema\\\/logo\\\/image\\\/\"}}]}<\/script>\n<!-- \/ Yoast SEO plugin. -->","yoast_head_json":{"title":"Clubs de gymnastique - AirTrackSports","robots":{"index":"index","follow":"follow","max-snippet":"max-snippet:-1","max-image-preview":"max-image-preview:large","max-video-preview":"max-video-preview:-1"},"canonical":"https:\/\/www.airtracksports.com\/index.php\/kundengruppen\/turnvereine\/","og_locale":"de_DE","og_type":"article","og_title":"Clubs de gymnastique - AirTrackSports","og_description":"Les tout premiers airtracks ont \u00e9t\u00e9 d\u00e9velopp\u00e9s pour et par les gymnastes. De nos jours, les entra\u00eeneurs remplacent les \u00e9quipements de gymnastique conventionnels tels que la bo\u00eete, les tapis de mousse et les tremplins par des produits \u00e0 air.Nos nattes ..Continue Reading","og_url":"https:\/\/www.airtracksports.com\/index.php\/kundengruppen\/turnvereine\/","og_site_name":"AirTrackSports","article_modified_time":"2020-07-16T11:20:13+00:00","twitter_card":"summary_large_image","twitter_misc":{"Gesch\u00e4tzte Lesezeit":"1\u00a0Minute"},"schema":{"@context":"https:\/\/schema.org","@graph":[{"@type":"WebPage","@id":"https:\/\/www.airtracksports.com\/index.php\/kundengruppen\/turnvereine\/","url":"https:\/\/www.airtracksports.com\/index.php\/kundengruppen\/turnvereine\/","name":"Clubs de gymnastique - AirTrackSports","isPartOf":{"@id":"https:\/\/www.airtracksports.com\/#website"},"datePublished":"2020-07-08T10:39:21+00:00","dateModified":"2020-07-16T11:20:13+00:00","breadcrumb":{"@id":"https:\/\/www.airtracksports.com\/index.php\/kundengruppen\/turnvereine\/#breadcrumb"},"inLanguage":"de","potentialAction":[{"@type":"ReadAction","target":["https:\/\/www.airtracksports.com\/index.php\/kundengruppen\/turnvereine\/"]}]},{"@type":"BreadcrumbList","@id":"https:\/\/www.airtracksports.com\/index.php\/kundengruppen\/turnvereine\/#breadcrumb","itemListElement":[{"@type":"ListItem","position":1,"name":"Startseite","item":"https:\/\/www.airtracksports.com\/"},{"@type":"ListItem","position":2,"name":"Types de clients","item":"https:\/\/www.airtracksports.com\/index.php\/groupes-de-clients\/?lang=fr"},{"@type":"ListItem","position":3,"name":"Clubs de gymnastique"}]},{"@type":"WebSite","@id":"https:\/\/www.airtracksports.com\/#website","url":"https:\/\/www.airtracksports.com\/","name":"AirTrackSports","description":"","publisher":{"@id":"https:\/\/www.airtracksports.com\/#organization"},"potentialAction":[{"@type":"SearchAction","target":{"@type":"EntryPoint","urlTemplate":"https:\/\/www.airtracksports.com\/?s={search_term_string}"},"query-input":{"@type":"PropertyValueSpecification","valueRequired":true,"valueName":"search_term_string"}}],"inLanguage":"de"},{"@type":"Organization","@id":"https:\/\/www.airtracksports.com\/#organization","name":"AirTrackSports","url":"https:\/\/www.airtracksports.com\/","logo":{"@type":"ImageObject","inLanguage":"de","@id":"https:\/\/www.airtracksports.com\/#\/schema\/logo\/image\/","url":"https:\/\/www.airtracksports.com\/wp-content\/uploads\/2020\/05\/cropped-LogoAirTrack-4.jpg","contentUrl":"https:\/\/www.airtracksports.com\/wp-content\/uploads\/2020\/05\/cropped-LogoAirTrack-4.jpg","width":225,"height":90,"caption":"AirTrackSports"},"image":{"@id":"https:\/\/www.airtracksports.com\/#\/schema\/logo\/image\/"}}]}},"_links":{"self":[{"href":"https:\/\/www.airtracksports.com\/index.php\/wp-json\/wp\/v2\/pages\/3288","targetHints":{"allow":["GET"]}}],"collection":[{"href":"https:\/\/www.airtracksports.com\/index.php\/wp-json\/wp\/v2\/pages"}],"about":[{"href":"https:\/\/www.airtracksports.com\/index.php\/wp-json\/wp\/v2\/types\/page"}],"author":[{"embeddable":true,"href":"https:\/\/www.airtracksports.com\/index.php\/wp-json\/wp\/v2\/users\/1"}],"replies":[{"embeddable":true,"href":"https:\/\/www.airtracksports.com\/index.php\/wp-json\/wp\/v2\/comments?post=3288"}],"version-history":[{"count":6,"href":"https:\/\/www.airtracksports.com\/index.php\/wp-json\/wp\/v2\/pages\/3288\/revisions"}],"predecessor-version":[{"id":3823,"href":"https:\/\/www.airtracksports.com\/index.php\/wp-json\/wp\/v2\/pages\/3288\/revisions\/3823"}],"up":[{"embeddable":true,"href":"https:\/\/www.airtracksports.com\/index.php\/wp-json\/wp\/v2\/pages\/3251"}],"wp:attachment":[{"href":"https:\/\/www.airtracksports.com\/index.php\/wp-json\/wp\/v2\/media?parent=3288"}],"curies":[{"name":"wp","href":"https:\/\/api.w.org\/{rel}","templated":true}]}}