{"id":3524,"date":"2020-05-25T11:00:04","date_gmt":"2020-05-25T09:00:04","guid":{"rendered":"https:\/\/www.airtracksports.com\/index.php\/\/produkt\/training-set-3-pieces\/"},"modified":"2021-04-12T01:07:18","modified_gmt":"2021-04-11T23:07:18","slug":"trainingset-3","status":"publish","type":"product","link":"https:\/\/www.airtracksports.com\/index.php\/produkt\/trainingset-3\/?lang=fr","title":{"rendered":"Training-Set 3 pi\u00e8ces"},"content":{"rendered":"<p>Le Training-Set impressionne par la vari\u00e9t\u00e9 des variations d\u2019entra\u00eenement possibles. Les \u00e9l\u00e9ments diff\u00e9rents du set contribuent \u00e0 l\u2019utilisation parfaite pour les exercices au sol et les encha\u00eenements de culbutes.<\/p>\n<p>Utilisez le <a href=\"https:\/\/www.airtracksports.com\/index.php\/produkt\/airblock\/?lang=fr\" target\"_blank\" rel=\"noopener noreferrer\">Airblock<\/a>ou <a href=\"https:\/\/www.airtracksports.com\/index.php\/produkt\/airboard\/?lang=fr\" target=\"_blank\" rel=\"noopener noreferrer\">l&#8217;Airboard<\/a> comme tremplin, tapis d\u2019atterrissage ou liez-le \u00e0 l&#8217;Airboard \u00e0 l\u2019aide de la connexion Velcro. Installez le set comme vous voulez!<\/p>\n<p>La piste douce et \u00e9lastique offre s\u00e9curit\u00e9 et plaisir pendant l\u2019entra\u00eenement.<\/p>\n<p><iframe loading=\"lazy\" title=\"AirTrack Factory Training Sets\" width=\"745\" height=\"419\" src=\"https:\/\/www.youtube.com\/embed\/hDUgaQZJTdU?feature=oembed\" frameborder=\"0\" allow=\"accelerometer; autoplay; encrypted-media; gyroscope; picture-in-picture\" allowfullscreen><\/iframe><\/p>\n","protected":false},"excerpt":{"rendered":"<p><strong>Training-Set 3 pi\u00e8ces compos\u00e9 de<\/strong><\/p>\n<ul>\n<li><a href=\"https:\/\/www.airtracksports.com\/index.php\/produkt\/airfloor-3m\/?lang=fr\" target=\"_blank\" rel=\"noopener noreferrer\">Airfloor 3 x 1m<\/a><\/li>\n<li><a href=\"https:\/\/www.airtracksports.com\/index.php\/produkt\/airboard\/?lang=fr\" target=\"_blank\" rel=\"noopener noreferrer\">Airboard<\/a><\/li>\n<li><a href=\"https:\/\/www.airtracksports.com\/index.php\/produkt\/airblock\/?lang=fr\" target=\"_blank\" rel=\"noopener noreferrer\">Airblock<\/a><\/li>\n<li><a href=\"https:\/\/www.airtracksports.com\/index.php\/produkt\/fusspumpe\/?lang=fr\" target=\"_blank\" rel=\"noopener noreferrer\">Pompe \u00e0 pied<\/a> ou <a href=\"https:\/\/www.airtracksports.com\/index.php\/produkt\/ov10-geblaese\/?lang=fr\" target=\"_blank\" rel=\"noopener noreferrer\">Pompe \u00e9lectrique OV10<\/a><\/li>\n<li>sac de transport noir<\/li>\n<\/ul>\n<p>incl. Instructions, 5 ans de garantie, service CH<\/p>\n","protected":false},"featured_media":3525,"template":"","meta":[],"product_brand":[],"product_cat":[85],"product_tag":[],"class_list":{"0":"post-3524","1":"product","2":"type-product","3":"status-publish","4":"has-post-thumbnail","6":"product_cat-entrainement","7":"product_shipping_class-paket-l","9":"first","10":"instock","11":"taxable","12":"shipping-taxable","13":"purchasable","14":"product-type-variable","15":"has-default-attributes"},"yoast_head":"<!-- This site is optimized with the Yoast SEO plugin v27.4 - https:\/\/yoast.com\/product\/yoast-seo-wordpress\/ -->\n<title>Airtracksports - Training-Set avec 3 pi\u00e8ces - continuer \u00e0 s\u2019entra\u00eener \u00e0 la maison!<\/title>\n<meta name=\"description\" content=\"Les diff\u00e9rents \u00e9l\u00e9ments du set contribuent au fait qu\u2019il convient \u00e0 une vari\u00e9t\u00e9 d\u2019exercices de gymnastique. Que ce soit dans le jardin ou dans votre chambre - continuer \u00e0 vous entra\u00eener \u00e0 la maison!\" \/>\n<meta name=\"robots\" content=\"index, follow, max-snippet:-1, max-image-preview:large, max-video-preview:-1\" \/>\n<link rel=\"canonical\" href=\"https:\/\/www.airtracksports.com\/index.php\/produkt\/trainingset-3\/?lang=fr\" \/>\n<meta property=\"og:locale\" content=\"de_DE\" \/>\n<meta property=\"og:type\" content=\"article\" \/>\n<meta property=\"og:title\" content=\"Airtracksports - Training-Set avec 3 pi\u00e8ces - continuer \u00e0 s\u2019entra\u00eener \u00e0 la maison!\" \/>\n<meta property=\"og:description\" content=\"Les diff\u00e9rents \u00e9l\u00e9ments du set contribuent au fait qu\u2019il convient \u00e0 une vari\u00e9t\u00e9 d\u2019exercices de gymnastique. Que ce soit dans le jardin ou dans votre chambre - continuer \u00e0 vous entra\u00eener \u00e0 la maison!\" \/>\n<meta property=\"og:url\" content=\"https:\/\/www.airtracksports.com\/index.php\/produkt\/trainingset-3\/?lang=fr\" \/>\n<meta property=\"og:site_name\" content=\"AirTrackSports\" \/>\n<meta property=\"article:modified_time\" content=\"2021-04-11T23:07:18+00:00\" \/>\n<meta property=\"og:image\" content=\"https:\/\/www.airtracksports.com\/wp-content\/uploads\/2020\/05\/TrainingSet-3-teilig-blau.png\" \/>\n\t<meta property=\"og:image:width\" content=\"1516\" \/>\n\t<meta property=\"og:image:height\" content=\"755\" \/>\n\t<meta property=\"og:image:type\" content=\"image\/png\" \/>\n<meta name=\"twitter:card\" content=\"summary_large_image\" \/>\n<script type=\"application\/ld+json\" class=\"yoast-schema-graph\">{\"@context\":\"https:\\\/\\\/schema.org\",\"@graph\":[{\"@type\":\"WebPage\",\"@id\":\"https:\\\/\\\/www.airtracksports.com\\\/index.php\\\/produkt\\\/trainingset-3\\\/?lang=fr\",\"url\":\"https:\\\/\\\/www.airtracksports.com\\\/index.php\\\/produkt\\\/trainingset-3\\\/?lang=fr\",\"name\":\"Airtracksports - Training-Set avec 3 pi\u00e8ces - continuer \u00e0 s\u2019entra\u00eener \u00e0 la maison!\",\"isPartOf\":{\"@id\":\"https:\\\/\\\/www.airtracksports.com\\\/#website\"},\"primaryImageOfPage\":{\"@id\":\"https:\\\/\\\/www.airtracksports.com\\\/index.php\\\/produkt\\\/trainingset-3\\\/?lang=fr#primaryimage\"},\"image\":{\"@id\":\"https:\\\/\\\/www.airtracksports.com\\\/index.php\\\/produkt\\\/trainingset-3\\\/?lang=fr#primaryimage\"},\"thumbnailUrl\":\"https:\\\/\\\/www.airtracksports.com\\\/wp-content\\\/uploads\\\/2020\\\/05\\\/TrainingSet-3-teilig-blau.png\",\"datePublished\":\"2020-05-25T09:00:04+00:00\",\"dateModified\":\"2021-04-11T23:07:18+00:00\",\"description\":\"Les diff\u00e9rents \u00e9l\u00e9ments du set contribuent au fait qu\u2019il convient \u00e0 une vari\u00e9t\u00e9 d\u2019exercices de gymnastique. Que ce soit dans le jardin ou dans votre chambre - continuer \u00e0 vous entra\u00eener \u00e0 la maison!\",\"breadcrumb\":{\"@id\":\"https:\\\/\\\/www.airtracksports.com\\\/index.php\\\/produkt\\\/trainingset-3\\\/?lang=fr#breadcrumb\"},\"inLanguage\":\"de\",\"potentialAction\":[{\"@type\":\"ReadAction\",\"target\":[\"https:\\\/\\\/www.airtracksports.com\\\/index.php\\\/produkt\\\/trainingset-3\\\/?lang=fr\"]}]},{\"@type\":\"ImageObject\",\"inLanguage\":\"de\",\"@id\":\"https:\\\/\\\/www.airtracksports.com\\\/index.php\\\/produkt\\\/trainingset-3\\\/?lang=fr#primaryimage\",\"url\":\"https:\\\/\\\/www.airtracksports.com\\\/wp-content\\\/uploads\\\/2020\\\/05\\\/TrainingSet-3-teilig-blau.png\",\"contentUrl\":\"https:\\\/\\\/www.airtracksports.com\\\/wp-content\\\/uploads\\\/2020\\\/05\\\/TrainingSet-3-teilig-blau.png\",\"width\":1516,\"height\":755,\"caption\":\"TrainingSet 3-teilig blau von Airtrackfactory Schweiz - Top-Qualit\u00e4t\"},{\"@type\":\"BreadcrumbList\",\"@id\":\"https:\\\/\\\/www.airtracksports.com\\\/index.php\\\/produkt\\\/trainingset-3\\\/?lang=fr#breadcrumb\",\"itemListElement\":[{\"@type\":\"ListItem\",\"position\":1,\"name\":\"Startseite\",\"item\":\"https:\\\/\\\/www.airtracksports.com\\\/\"},{\"@type\":\"ListItem\",\"position\":2,\"name\":\"Airtrack-Shop\",\"item\":\"https:\\\/\\\/www.airtracksports.com\\\/index.php\\\/shop\\\/\"},{\"@type\":\"ListItem\",\"position\":3,\"name\":\"Training-Set 3 pi\u00e8ces\"}]},{\"@type\":\"WebSite\",\"@id\":\"https:\\\/\\\/www.airtracksports.com\\\/#website\",\"url\":\"https:\\\/\\\/www.airtracksports.com\\\/\",\"name\":\"AirTrackSports\",\"description\":\"\",\"publisher\":{\"@id\":\"https:\\\/\\\/www.airtracksports.com\\\/#organization\"},\"potentialAction\":[{\"@type\":\"SearchAction\",\"target\":{\"@type\":\"EntryPoint\",\"urlTemplate\":\"https:\\\/\\\/www.airtracksports.com\\\/?s={search_term_string}\"},\"query-input\":{\"@type\":\"PropertyValueSpecification\",\"valueRequired\":true,\"valueName\":\"search_term_string\"}}],\"inLanguage\":\"de\"},{\"@type\":\"Organization\",\"@id\":\"https:\\\/\\\/www.airtracksports.com\\\/#organization\",\"name\":\"AirTrackSports\",\"url\":\"https:\\\/\\\/www.airtracksports.com\\\/\",\"logo\":{\"@type\":\"ImageObject\",\"inLanguage\":\"de\",\"@id\":\"https:\\\/\\\/www.airtracksports.com\\\/#\\\/schema\\\/logo\\\/image\\\/\",\"url\":\"https:\\\/\\\/www.airtracksports.com\\\/wp-content\\\/uploads\\\/2020\\\/05\\\/cropped-LogoAirTrack-4.jpg\",\"contentUrl\":\"https:\\\/\\\/www.airtracksports.com\\\/wp-content\\\/uploads\\\/2020\\\/05\\\/cropped-LogoAirTrack-4.jpg\",\"width\":225,\"height\":90,\"caption\":\"AirTrackSports\"},\"image\":{\"@id\":\"https:\\\/\\\/www.airtracksports.com\\\/#\\\/schema\\\/logo\\\/image\\\/\"}}]}<\/script>\n<!-- \/ Yoast SEO plugin. -->","yoast_head_json":{"title":"Airtracksports - Training-Set avec 3 pi\u00e8ces - continuer \u00e0 s\u2019entra\u00eener \u00e0 la maison!","description":"Les diff\u00e9rents \u00e9l\u00e9ments du set contribuent au fait qu\u2019il convient \u00e0 une vari\u00e9t\u00e9 d\u2019exercices de gymnastique. Que ce soit dans le jardin ou dans votre chambre - continuer \u00e0 vous entra\u00eener \u00e0 la maison!","robots":{"index":"index","follow":"follow","max-snippet":"max-snippet:-1","max-image-preview":"max-image-preview:large","max-video-preview":"max-video-preview:-1"},"canonical":"https:\/\/www.airtracksports.com\/index.php\/produkt\/trainingset-3\/?lang=fr","og_locale":"de_DE","og_type":"article","og_title":"Airtracksports - Training-Set avec 3 pi\u00e8ces - continuer \u00e0 s\u2019entra\u00eener \u00e0 la maison!","og_description":"Les diff\u00e9rents \u00e9l\u00e9ments du set contribuent au fait qu\u2019il convient \u00e0 une vari\u00e9t\u00e9 d\u2019exercices de gymnastique. Que ce soit dans le jardin ou dans votre chambre - continuer \u00e0 vous entra\u00eener \u00e0 la maison!","og_url":"https:\/\/www.airtracksports.com\/index.php\/produkt\/trainingset-3\/?lang=fr","og_site_name":"AirTrackSports","article_modified_time":"2021-04-11T23:07:18+00:00","og_image":[{"width":1516,"height":755,"url":"https:\/\/www.airtracksports.com\/wp-content\/uploads\/2020\/05\/TrainingSet-3-teilig-blau.png","type":"image\/png"}],"twitter_card":"summary_large_image","schema":{"@context":"https:\/\/schema.org","@graph":[{"@type":"WebPage","@id":"https:\/\/www.airtracksports.com\/index.php\/produkt\/trainingset-3\/?lang=fr","url":"https:\/\/www.airtracksports.com\/index.php\/produkt\/trainingset-3\/?lang=fr","name":"Airtracksports - Training-Set avec 3 pi\u00e8ces - continuer \u00e0 s\u2019entra\u00eener \u00e0 la maison!","isPartOf":{"@id":"https:\/\/www.airtracksports.com\/#website"},"primaryImageOfPage":{"@id":"https:\/\/www.airtracksports.com\/index.php\/produkt\/trainingset-3\/?lang=fr#primaryimage"},"image":{"@id":"https:\/\/www.airtracksports.com\/index.php\/produkt\/trainingset-3\/?lang=fr#primaryimage"},"thumbnailUrl":"https:\/\/www.airtracksports.com\/wp-content\/uploads\/2020\/05\/TrainingSet-3-teilig-blau.png","datePublished":"2020-05-25T09:00:04+00:00","dateModified":"2021-04-11T23:07:18+00:00","description":"Les diff\u00e9rents \u00e9l\u00e9ments du set contribuent au fait qu\u2019il convient \u00e0 une vari\u00e9t\u00e9 d\u2019exercices de gymnastique. Que ce soit dans le jardin ou dans votre chambre - continuer \u00e0 vous entra\u00eener \u00e0 la maison!","breadcrumb":{"@id":"https:\/\/www.airtracksports.com\/index.php\/produkt\/trainingset-3\/?lang=fr#breadcrumb"},"inLanguage":"de","potentialAction":[{"@type":"ReadAction","target":["https:\/\/www.airtracksports.com\/index.php\/produkt\/trainingset-3\/?lang=fr"]}]},{"@type":"ImageObject","inLanguage":"de","@id":"https:\/\/www.airtracksports.com\/index.php\/produkt\/trainingset-3\/?lang=fr#primaryimage","url":"https:\/\/www.airtracksports.com\/wp-content\/uploads\/2020\/05\/TrainingSet-3-teilig-blau.png","contentUrl":"https:\/\/www.airtracksports.com\/wp-content\/uploads\/2020\/05\/TrainingSet-3-teilig-blau.png","width":1516,"height":755,"caption":"TrainingSet 3-teilig blau von Airtrackfactory Schweiz - Top-Qualit\u00e4t"},{"@type":"BreadcrumbList","@id":"https:\/\/www.airtracksports.com\/index.php\/produkt\/trainingset-3\/?lang=fr#breadcrumb","itemListElement":[{"@type":"ListItem","position":1,"name":"Startseite","item":"https:\/\/www.airtracksports.com\/"},{"@type":"ListItem","position":2,"name":"Airtrack-Shop","item":"https:\/\/www.airtracksports.com\/index.php\/shop\/"},{"@type":"ListItem","position":3,"name":"Training-Set 3 pi\u00e8ces"}]},{"@type":"WebSite","@id":"https:\/\/www.airtracksports.com\/#website","url":"https:\/\/www.airtracksports.com\/","name":"AirTrackSports","description":"","publisher":{"@id":"https:\/\/www.airtracksports.com\/#organization"},"potentialAction":[{"@type":"SearchAction","target":{"@type":"EntryPoint","urlTemplate":"https:\/\/www.airtracksports.com\/?s={search_term_string}"},"query-input":{"@type":"PropertyValueSpecification","valueRequired":true,"valueName":"search_term_string"}}],"inLanguage":"de"},{"@type":"Organization","@id":"https:\/\/www.airtracksports.com\/#organization","name":"AirTrackSports","url":"https:\/\/www.airtracksports.com\/","logo":{"@type":"ImageObject","inLanguage":"de","@id":"https:\/\/www.airtracksports.com\/#\/schema\/logo\/image\/","url":"https:\/\/www.airtracksports.com\/wp-content\/uploads\/2020\/05\/cropped-LogoAirTrack-4.jpg","contentUrl":"https:\/\/www.airtracksports.com\/wp-content\/uploads\/2020\/05\/cropped-LogoAirTrack-4.jpg","width":225,"height":90,"caption":"AirTrackSports"},"image":{"@id":"https:\/\/www.airtracksports.com\/#\/schema\/logo\/image\/"}}]}},"_links":{"self":[{"href":"https:\/\/www.airtracksports.com\/index.php\/wp-json\/wp\/v2\/product\/3524","targetHints":{"allow":["GET"]}}],"collection":[{"href":"https:\/\/www.airtracksports.com\/index.php\/wp-json\/wp\/v2\/product"}],"about":[{"href":"https:\/\/www.airtracksports.com\/index.php\/wp-json\/wp\/v2\/types\/product"}],"wp:featuredmedia":[{"embeddable":true,"href":"https:\/\/www.airtracksports.com\/index.php\/wp-json\/wp\/v2\/media\/3525"}],"wp:attachment":[{"href":"https:\/\/www.airtracksports.com\/index.php\/wp-json\/wp\/v2\/media?parent=3524"}],"wp:term":[{"taxonomy":"product_brand","embeddable":true,"href":"https:\/\/www.airtracksports.com\/index.php\/wp-json\/wp\/v2\/product_brand?post=3524"},{"taxonomy":"product_cat","embeddable":true,"href":"https:\/\/www.airtracksports.com\/index.php\/wp-json\/wp\/v2\/product_cat?post=3524"},{"taxonomy":"product_tag","embeddable":true,"href":"https:\/\/www.airtracksports.com\/index.php\/wp-json\/wp\/v2\/product_tag?post=3524"}],"curies":[{"name":"wp","href":"https:\/\/api.w.org\/{rel}","templated":true}]}}