{"id":3934,"date":"2020-08-18T10:12:40","date_gmt":"2020-08-18T08:12:40","guid":{"rendered":"https:\/\/www.airtracksports.com\/?post_type=product&#038;p=3934"},"modified":"2026-05-04T13:48:30","modified_gmt":"2026-05-04T11:48:30","slug":"airbag-s","status":"publish","type":"product","link":"https:\/\/www.airtracksports.com\/index.php\/produkt\/airbag-s\/","title":{"rendered":"Neu: Airbag S"},"content":{"rendered":"<p>&nbsp;<\/p>\n<ul>\n<li>Innerhalb von 5 Minuten aufgeblasen<\/li>\n<li>Stellen Sie den Druck nach Ihren W\u00fcnschen ein<\/li>\n<li>F\u00fcr drinnen und draussen geeignet<\/li>\n<li>Gut tragbar und klein in der Lagerung<\/li>\n<li>Weiche Landungen<\/li>\n<li>400 x 250\u00a0 x 70 cm gross<\/li>\n<li>Hygienisch durch leicht zu reinigende Oberfl\u00e4che<\/li>\n<li>Geeignet am Spannstufenbarren, Sprungtisch, AirTrack, Balken und beim Hochsprung<\/li>\n<li style=\"list-style-type: none;\">Beim Airbag S handelt es sich um eine 70 cm hohe und 4&#215;2.5m grosse Fallschutzmatte, welche f\u00fcr jede Sportart, in der gesprungen wird, geeignet ist. Durch den anpassbaren Druck kann\u00a0 Airbag sowohl eine Fallmatte wie auch ein Landeplatz sein. Diese Matte hilft Sportlern, auf sichere Art und Weise zu scheitern, ohne dass ihr K\u00f6rper dabei Verletzungen erleidet. Das daf\u00fcr ben\u00f6tigte Gebl\u00e4se ist im Preis inbegriffen.<\/li>\n<\/ul>\n<p>Im Vergleich zu herk\u00f6mmlichen Sprungkissen braucht der Airbag S\u00a0 im unaufgeblasenen Zustand wenig Lagerplatz. Der Airbag S kann ausserdem per Klett mit P2 oder P3 Airtracks verbunden werden.<\/p>\n<p>&nbsp;<\/p>\n<p><iframe loading=\"lazy\" title=\"AirBag S - GYMNASTICS\" width=\"745\" height=\"419\" src=\"https:\/\/www.youtube.com\/embed\/VYskMdPg04A?feature=oembed\" frameborder=\"0\" allow=\"accelerometer; autoplay; clipboard-write; encrypted-media; gyroscope; picture-in-picture; web-share\" referrerpolicy=\"strict-origin-when-cross-origin\" allowfullscreen><\/iframe><\/p>\n","protected":false},"excerpt":{"rendered":"<p>Airbag S &#8211; 70 cm hohe und 4&#215;2.5m grosse, aufblasbare Fallmatte mit einstellbarem Luftdruck inkl. Gebl\u00e4se<br \/>\nLieferung inkl. Anleitung, 2 Jahre Garantie, Service Schweiz<\/p>\n","protected":false},"featured_media":3936,"template":"","meta":[],"product_brand":[],"product_cat":[40],"product_tag":[134,136,135],"class_list":{"0":"post-3934","1":"product","2":"type-product","3":"status-publish","4":"has-post-thumbnail","6":"product_cat-profi-produkte","7":"product_tag-elefantenmatte","8":"product_tag-fallschutzmatte","9":"product_tag-turnmatte-turnhalle","10":"product_shipping_class-palet-versand-per-spedition","12":"first","13":"onbackorder","14":"taxable","15":"shipping-taxable","16":"purchasable","17":"product-type-simple"},"yoast_head":"<!-- This site is optimized with the Yoast SEO plugin v27.6 - https:\/\/yoast.com\/product\/yoast-seo-wordpress\/ -->\n<title>Airtracksports - Airbag S - Profimaterial f\u00fcrs Turnen<\/title>\n<meta name=\"description\" content=\"70cm hohe Fallschutzmatte mit einstellbarem Druck - wenig Lagerplatz - f\u00fcr drinnen und draussen geeignet - leicht transportierbar\" \/>\n<meta name=\"robots\" content=\"index, follow, max-snippet:-1, max-image-preview:large, max-video-preview:-1\" \/>\n<link rel=\"canonical\" href=\"https:\/\/www.airtracksports.com\/index.php\/produkt\/airbag-s\/\" \/>\n<meta property=\"og:locale\" content=\"de_DE\" \/>\n<meta property=\"og:type\" content=\"article\" \/>\n<meta property=\"og:title\" content=\"Airtracksports - Airbag S - Profimaterial f\u00fcrs Turnen\" \/>\n<meta property=\"og:description\" content=\"70cm hohe Fallschutzmatte mit einstellbarem Druck - wenig Lagerplatz - f\u00fcr drinnen und draussen geeignet - leicht transportierbar\" \/>\n<meta property=\"og:url\" content=\"https:\/\/www.airtracksports.com\/index.php\/produkt\/airbag-s\/\" \/>\n<meta property=\"og:site_name\" content=\"AirTrackSports\" \/>\n<meta property=\"article:modified_time\" content=\"2026-05-04T11:48:30+00:00\" \/>\n<meta property=\"og:image\" content=\"https:\/\/www.airtracksports.com\/wp-content\/uploads\/2020\/08\/AirBag-S-Main.png\" \/>\n\t<meta property=\"og:image:width\" content=\"1411\" \/>\n\t<meta property=\"og:image:height\" content=\"876\" \/>\n\t<meta property=\"og:image:type\" content=\"image\/png\" \/>\n<meta name=\"twitter:card\" content=\"summary_large_image\" \/>\n<meta name=\"twitter:label1\" content=\"Gesch\u00e4tzte Lesezeit\" \/>\n\t<meta name=\"twitter:data1\" content=\"1\u00a0Minute\" \/>\n<script type=\"application\/ld+json\" class=\"yoast-schema-graph\">{\"@context\":\"https:\\\/\\\/schema.org\",\"@graph\":[{\"@type\":\"WebPage\",\"@id\":\"https:\\\/\\\/www.airtracksports.com\\\/index.php\\\/produkt\\\/airbag-s\\\/\",\"url\":\"https:\\\/\\\/www.airtracksports.com\\\/index.php\\\/produkt\\\/airbag-s\\\/\",\"name\":\"Airtracksports - Airbag S - Profimaterial f\u00fcrs Turnen\",\"isPartOf\":{\"@id\":\"https:\\\/\\\/www.airtracksports.com\\\/#website\"},\"primaryImageOfPage\":{\"@id\":\"https:\\\/\\\/www.airtracksports.com\\\/index.php\\\/produkt\\\/airbag-s\\\/#primaryimage\"},\"image\":{\"@id\":\"https:\\\/\\\/www.airtracksports.com\\\/index.php\\\/produkt\\\/airbag-s\\\/#primaryimage\"},\"thumbnailUrl\":\"https:\\\/\\\/www.airtracksports.com\\\/wp-content\\\/uploads\\\/2020\\\/08\\\/AirBag-S-Main.png\",\"datePublished\":\"2020-08-18T08:12:40+00:00\",\"dateModified\":\"2026-05-04T11:48:30+00:00\",\"description\":\"70cm hohe Fallschutzmatte mit einstellbarem Druck - wenig Lagerplatz - f\u00fcr drinnen und draussen geeignet - leicht transportierbar\",\"breadcrumb\":{\"@id\":\"https:\\\/\\\/www.airtracksports.com\\\/index.php\\\/produkt\\\/airbag-s\\\/#breadcrumb\"},\"inLanguage\":\"de\",\"potentialAction\":[{\"@type\":\"ReadAction\",\"target\":[\"https:\\\/\\\/www.airtracksports.com\\\/index.php\\\/produkt\\\/airbag-s\\\/\"]}]},{\"@type\":\"ImageObject\",\"inLanguage\":\"de\",\"@id\":\"https:\\\/\\\/www.airtracksports.com\\\/index.php\\\/produkt\\\/airbag-s\\\/#primaryimage\",\"url\":\"https:\\\/\\\/www.airtracksports.com\\\/wp-content\\\/uploads\\\/2020\\\/08\\\/AirBag-S-Main.png\",\"contentUrl\":\"https:\\\/\\\/www.airtracksports.com\\\/wp-content\\\/uploads\\\/2020\\\/08\\\/AirBag-S-Main.png\",\"width\":1411,\"height\":876,\"caption\":\"AirBag S Main von Airtrackfactory Schweiz - Top-Qualit\u00e4t\"},{\"@type\":\"BreadcrumbList\",\"@id\":\"https:\\\/\\\/www.airtracksports.com\\\/index.php\\\/produkt\\\/airbag-s\\\/#breadcrumb\",\"itemListElement\":[{\"@type\":\"ListItem\",\"position\":1,\"name\":\"Startseite\",\"item\":\"https:\\\/\\\/www.airtracksports.com\\\/\"},{\"@type\":\"ListItem\",\"position\":2,\"name\":\"Airtrack-Shop\",\"item\":\"https:\\\/\\\/www.airtracksports.com\\\/index.php\\\/shop\\\/\"},{\"@type\":\"ListItem\",\"position\":3,\"name\":\"Neu: Airbag S\"}]},{\"@type\":\"WebSite\",\"@id\":\"https:\\\/\\\/www.airtracksports.com\\\/#website\",\"url\":\"https:\\\/\\\/www.airtracksports.com\\\/\",\"name\":\"AirTrackSports\",\"description\":\"\",\"publisher\":{\"@id\":\"https:\\\/\\\/www.airtracksports.com\\\/#organization\"},\"potentialAction\":[{\"@type\":\"SearchAction\",\"target\":{\"@type\":\"EntryPoint\",\"urlTemplate\":\"https:\\\/\\\/www.airtracksports.com\\\/?s={search_term_string}\"},\"query-input\":{\"@type\":\"PropertyValueSpecification\",\"valueRequired\":true,\"valueName\":\"search_term_string\"}}],\"inLanguage\":\"de\"},{\"@type\":\"Organization\",\"@id\":\"https:\\\/\\\/www.airtracksports.com\\\/#organization\",\"name\":\"AirTrackSports\",\"url\":\"https:\\\/\\\/www.airtracksports.com\\\/\",\"logo\":{\"@type\":\"ImageObject\",\"inLanguage\":\"de\",\"@id\":\"https:\\\/\\\/www.airtracksports.com\\\/#\\\/schema\\\/logo\\\/image\\\/\",\"url\":\"https:\\\/\\\/www.airtracksports.com\\\/wp-content\\\/uploads\\\/2020\\\/05\\\/cropped-LogoAirTrack-4.jpg\",\"contentUrl\":\"https:\\\/\\\/www.airtracksports.com\\\/wp-content\\\/uploads\\\/2020\\\/05\\\/cropped-LogoAirTrack-4.jpg\",\"width\":225,\"height\":90,\"caption\":\"AirTrackSports\"},\"image\":{\"@id\":\"https:\\\/\\\/www.airtracksports.com\\\/#\\\/schema\\\/logo\\\/image\\\/\"}}]}<\/script>\n<!-- \/ Yoast SEO plugin. -->","yoast_head_json":{"title":"Airtracksports - Airbag S - Profimaterial f\u00fcrs Turnen","description":"70cm hohe Fallschutzmatte mit einstellbarem Druck - wenig Lagerplatz - f\u00fcr drinnen und draussen geeignet - leicht transportierbar","robots":{"index":"index","follow":"follow","max-snippet":"max-snippet:-1","max-image-preview":"max-image-preview:large","max-video-preview":"max-video-preview:-1"},"canonical":"https:\/\/www.airtracksports.com\/index.php\/produkt\/airbag-s\/","og_locale":"de_DE","og_type":"article","og_title":"Airtracksports - Airbag S - Profimaterial f\u00fcrs Turnen","og_description":"70cm hohe Fallschutzmatte mit einstellbarem Druck - wenig Lagerplatz - f\u00fcr drinnen und draussen geeignet - leicht transportierbar","og_url":"https:\/\/www.airtracksports.com\/index.php\/produkt\/airbag-s\/","og_site_name":"AirTrackSports","article_modified_time":"2026-05-04T11:48:30+00:00","og_image":[{"width":1411,"height":876,"url":"https:\/\/www.airtracksports.com\/wp-content\/uploads\/2020\/08\/AirBag-S-Main.png","type":"image\/png"}],"twitter_card":"summary_large_image","twitter_misc":{"Gesch\u00e4tzte Lesezeit":"1\u00a0Minute"},"schema":{"@context":"https:\/\/schema.org","@graph":[{"@type":"WebPage","@id":"https:\/\/www.airtracksports.com\/index.php\/produkt\/airbag-s\/","url":"https:\/\/www.airtracksports.com\/index.php\/produkt\/airbag-s\/","name":"Airtracksports - Airbag S - Profimaterial f\u00fcrs Turnen","isPartOf":{"@id":"https:\/\/www.airtracksports.com\/#website"},"primaryImageOfPage":{"@id":"https:\/\/www.airtracksports.com\/index.php\/produkt\/airbag-s\/#primaryimage"},"image":{"@id":"https:\/\/www.airtracksports.com\/index.php\/produkt\/airbag-s\/#primaryimage"},"thumbnailUrl":"https:\/\/www.airtracksports.com\/wp-content\/uploads\/2020\/08\/AirBag-S-Main.png","datePublished":"2020-08-18T08:12:40+00:00","dateModified":"2026-05-04T11:48:30+00:00","description":"70cm hohe Fallschutzmatte mit einstellbarem Druck - wenig Lagerplatz - f\u00fcr drinnen und draussen geeignet - leicht transportierbar","breadcrumb":{"@id":"https:\/\/www.airtracksports.com\/index.php\/produkt\/airbag-s\/#breadcrumb"},"inLanguage":"de","potentialAction":[{"@type":"ReadAction","target":["https:\/\/www.airtracksports.com\/index.php\/produkt\/airbag-s\/"]}]},{"@type":"ImageObject","inLanguage":"de","@id":"https:\/\/www.airtracksports.com\/index.php\/produkt\/airbag-s\/#primaryimage","url":"https:\/\/www.airtracksports.com\/wp-content\/uploads\/2020\/08\/AirBag-S-Main.png","contentUrl":"https:\/\/www.airtracksports.com\/wp-content\/uploads\/2020\/08\/AirBag-S-Main.png","width":1411,"height":876,"caption":"AirBag S Main von Airtrackfactory Schweiz - Top-Qualit\u00e4t"},{"@type":"BreadcrumbList","@id":"https:\/\/www.airtracksports.com\/index.php\/produkt\/airbag-s\/#breadcrumb","itemListElement":[{"@type":"ListItem","position":1,"name":"Startseite","item":"https:\/\/www.airtracksports.com\/"},{"@type":"ListItem","position":2,"name":"Airtrack-Shop","item":"https:\/\/www.airtracksports.com\/index.php\/shop\/"},{"@type":"ListItem","position":3,"name":"Neu: Airbag S"}]},{"@type":"WebSite","@id":"https:\/\/www.airtracksports.com\/#website","url":"https:\/\/www.airtracksports.com\/","name":"AirTrackSports","description":"","publisher":{"@id":"https:\/\/www.airtracksports.com\/#organization"},"potentialAction":[{"@type":"SearchAction","target":{"@type":"EntryPoint","urlTemplate":"https:\/\/www.airtracksports.com\/?s={search_term_string}"},"query-input":{"@type":"PropertyValueSpecification","valueRequired":true,"valueName":"search_term_string"}}],"inLanguage":"de"},{"@type":"Organization","@id":"https:\/\/www.airtracksports.com\/#organization","name":"AirTrackSports","url":"https:\/\/www.airtracksports.com\/","logo":{"@type":"ImageObject","inLanguage":"de","@id":"https:\/\/www.airtracksports.com\/#\/schema\/logo\/image\/","url":"https:\/\/www.airtracksports.com\/wp-content\/uploads\/2020\/05\/cropped-LogoAirTrack-4.jpg","contentUrl":"https:\/\/www.airtracksports.com\/wp-content\/uploads\/2020\/05\/cropped-LogoAirTrack-4.jpg","width":225,"height":90,"caption":"AirTrackSports"},"image":{"@id":"https:\/\/www.airtracksports.com\/#\/schema\/logo\/image\/"}}]}},"_links":{"self":[{"href":"https:\/\/www.airtracksports.com\/index.php\/wp-json\/wp\/v2\/product\/3934","targetHints":{"allow":["GET"]}}],"collection":[{"href":"https:\/\/www.airtracksports.com\/index.php\/wp-json\/wp\/v2\/product"}],"about":[{"href":"https:\/\/www.airtracksports.com\/index.php\/wp-json\/wp\/v2\/types\/product"}],"wp:featuredmedia":[{"embeddable":true,"href":"https:\/\/www.airtracksports.com\/index.php\/wp-json\/wp\/v2\/media\/3936"}],"wp:attachment":[{"href":"https:\/\/www.airtracksports.com\/index.php\/wp-json\/wp\/v2\/media?parent=3934"}],"wp:term":[{"taxonomy":"product_brand","embeddable":true,"href":"https:\/\/www.airtracksports.com\/index.php\/wp-json\/wp\/v2\/product_brand?post=3934"},{"taxonomy":"product_cat","embeddable":true,"href":"https:\/\/www.airtracksports.com\/index.php\/wp-json\/wp\/v2\/product_cat?post=3934"},{"taxonomy":"product_tag","embeddable":true,"href":"https:\/\/www.airtracksports.com\/index.php\/wp-json\/wp\/v2\/product_tag?post=3934"}],"curies":[{"name":"wp","href":"https:\/\/api.w.org\/{rel}","templated":true}]}}