{"id":5749,"date":"2020-05-06T18:44:15","date_gmt":"2020-05-06T16:44:15","guid":{"rendered":"https:\/\/www.airtracksports.com\/index.php\/produkt\/airtrack-p2\/"},"modified":"2022-10-04T11:10:08","modified_gmt":"2022-10-04T09:10:08","slug":"airtrack-p2","status":"publish","type":"product","link":"https:\/\/www.airtracksports.com\/index.php\/produkt\/airtrack-p2\/?lang=fr","title":{"rendered":"Airtrack P2"},"content":{"rendered":"<p>Les premi\u00e8res pistes d\u2019air ont \u00e9t\u00e9 con\u00e7ues par et pour des gymnastes. Aujourd\u2019hui, les clubs de gymnastique remplacent les \u00e9quipements de gymnastique conventionnels tels que les bo\u00eetes de saut, les tapis en mousse et le tremplin par des produits \u00e0 air. AirProducts sont diff\u00e9rents de l\u2019ancien mat\u00e9riau lourd et dur en ce qu\u2019ils sont l\u00e9gers, doux et faciles \u00e0 stocker.<\/p>\n<p>Le P2 Airtrack est notre tapis de taille moyenne. En raison de sa hauteur de 20cm, il offre plus de rebond que nos <a href=\"https:\/\/www.airtracksports.com\/index.php\/produkt\/plancher-dair-p1\/?lang=fr\" target=\"_blank\" rel=\"noopener noreferrer\">Airfloors<\/a> et est \u00e9galement adapt\u00e9 pour les gymnastes de haute performance. Pour les sauts lents et l\u00e9gers, la basse pression est excellente, tandis que sur un saut rapide et techniquement sauteux, un tapis dodu est efficace.<\/p>\n<p>Le tapis de 2,8 m de large est caract\u00e9ris\u00e9 par le fait qu\u2019il peut \u00eatre utilis\u00e9 comme une piste \u00e0 2 voies. Cela signifie que le tapis est id\u00e9al pour les grands groupes de gymnastique.<\/p>\n<p>La manipulation de la formation ou de l\u2019enseignement est pratique. M\u00eame les grandes pistes d\u2019air telles que le track de 15 x 2,8 m peuvent \u00eatre compl\u00e8tement d\u00e9mont\u00e9es, pli\u00e9es et introduites dans la chambre de stockage en 10 minutes.<\/p>\n","protected":false},"excerpt":{"rendered":"<p>Des Airtracks de 20 cm de haut en diff\u00e9rentes longueurs &#8211; m\u00eame les tailles qui ne sont pas r\u00e9pertori\u00e9es sont possibles sur demande. Livraison avec Housse de protection, manuel, garantie de 5 ans, Service Suisse, incl. Ventilateur \u00e9lectrique, selon la taille <strong><a href=\"https:\/\/www.airtracksports.com\/index.php\/produkt\/ov4-geblaese\/\">OV4<\/a> \/ <a href=\"https:\/\/www.airtracksports.com\/index.php\/produkt\/ov10-geblaese\/\">OV10<\/a> \/ <a href=\"https:\/\/www.airtracksports.com\/index.php\/produkt\/hikoki-geblaese\/\">Hikoki<\/a><\/strong><\/p>\n","protected":false},"featured_media":3206,"template":"","meta":[],"product_brand":[],"product_cat":[86],"product_tag":[127,128,114,129,126],"class_list":{"0":"post-5749","1":"product","2":"type-product","3":"status-publish","4":"has-post-thumbnail","6":"product_cat-produits-professionnels","7":"product_tag-airtrack-fr","8":"product_tag-tapis-de-culbutage","9":"product_tag-tapis-de-gymnastique-fr","10":"product_tag-tapis-de-gymnastique-artistique","11":"product_tag-tapis-tumbling","12":"product_shipping_class-palet-versand-per-spedition","14":"first","15":"onbackorder","16":"taxable","17":"shipping-taxable","18":"purchasable","19":"product-type-variable"},"yoast_head":"<!-- This site is optimized with the Yoast SEO plugin v27.6 - https:\/\/yoast.com\/product\/yoast-seo-wordpress\/ -->\n<title>Airtracksports - Airtrack P2 dans toutes les longueurs - mat\u00e9riel professionnel pour la gymnastique<\/title>\n<meta name=\"description\" content=\"Le P2 Airtrack est un tapis de taille moyenne pour les clubs de gymnastique. D\u2019une hauteur de 20cm, il convient aussi bien aux d\u00e9butants qu\u2019aux gymnastes de haute performance.\" \/>\n<meta name=\"robots\" content=\"index, follow, max-snippet:-1, max-image-preview:large, max-video-preview:-1\" \/>\n<link rel=\"canonical\" href=\"https:\/\/www.airtracksports.com\/index.php\/produkt\/airtrack-p2\/?lang=fr\" \/>\n<meta property=\"og:locale\" content=\"de_DE\" \/>\n<meta property=\"og:type\" content=\"article\" \/>\n<meta property=\"og:title\" content=\"Airtracksports - Airtrack P2 dans toutes les longueurs - mat\u00e9riel professionnel pour la gymnastique\" \/>\n<meta property=\"og:description\" content=\"Le P2 Airtrack est un tapis de taille moyenne pour les clubs de gymnastique. D\u2019une hauteur de 20cm, il convient aussi bien aux d\u00e9butants qu\u2019aux gymnastes de haute performance.\" \/>\n<meta property=\"og:url\" content=\"https:\/\/www.airtracksports.com\/index.php\/produkt\/airtrack-p2\/?lang=fr\" \/>\n<meta property=\"og:site_name\" content=\"AirTrackSports\" \/>\n<meta property=\"article:modified_time\" content=\"2022-10-04T09:10:08+00:00\" \/>\n<meta property=\"og:image\" content=\"https:\/\/www.airtracksports.com\/wp-content\/uploads\/2020\/05\/Airtrack-P2.png\" \/>\n\t<meta property=\"og:image:width\" content=\"1369\" \/>\n\t<meta property=\"og:image:height\" content=\"647\" \/>\n\t<meta property=\"og:image:type\" content=\"image\/png\" \/>\n<meta name=\"twitter:card\" content=\"summary_large_image\" \/>\n<meta name=\"twitter:label1\" content=\"Gesch\u00e4tzte Lesezeit\" \/>\n\t<meta name=\"twitter:data1\" content=\"1\u00a0Minute\" \/>\n<script type=\"application\/ld+json\" class=\"yoast-schema-graph\">{\"@context\":\"https:\\\/\\\/schema.org\",\"@graph\":[{\"@type\":\"WebPage\",\"@id\":\"https:\\\/\\\/www.airtracksports.com\\\/index.php\\\/produkt\\\/airtrack-p2\\\/?lang=fr\",\"url\":\"https:\\\/\\\/www.airtracksports.com\\\/index.php\\\/produkt\\\/airtrack-p2\\\/?lang=fr\",\"name\":\"Airtracksports - Airtrack P2 dans toutes les longueurs - mat\u00e9riel professionnel pour la gymnastique\",\"isPartOf\":{\"@id\":\"https:\\\/\\\/www.airtracksports.com\\\/#website\"},\"primaryImageOfPage\":{\"@id\":\"https:\\\/\\\/www.airtracksports.com\\\/index.php\\\/produkt\\\/airtrack-p2\\\/?lang=fr#primaryimage\"},\"image\":{\"@id\":\"https:\\\/\\\/www.airtracksports.com\\\/index.php\\\/produkt\\\/airtrack-p2\\\/?lang=fr#primaryimage\"},\"thumbnailUrl\":\"https:\\\/\\\/www.airtracksports.com\\\/wp-content\\\/uploads\\\/2020\\\/05\\\/Airtrack-P2.png\",\"datePublished\":\"2020-05-06T16:44:15+00:00\",\"dateModified\":\"2022-10-04T09:10:08+00:00\",\"description\":\"Le P2 Airtrack est un tapis de taille moyenne pour les clubs de gymnastique. D\u2019une hauteur de 20cm, il convient aussi bien aux d\u00e9butants qu\u2019aux gymnastes de haute performance.\",\"breadcrumb\":{\"@id\":\"https:\\\/\\\/www.airtracksports.com\\\/index.php\\\/produkt\\\/airtrack-p2\\\/?lang=fr#breadcrumb\"},\"inLanguage\":\"de\",\"potentialAction\":[{\"@type\":\"ReadAction\",\"target\":[\"https:\\\/\\\/www.airtracksports.com\\\/index.php\\\/produkt\\\/airtrack-p2\\\/?lang=fr\"]}]},{\"@type\":\"ImageObject\",\"inLanguage\":\"de\",\"@id\":\"https:\\\/\\\/www.airtracksports.com\\\/index.php\\\/produkt\\\/airtrack-p2\\\/?lang=fr#primaryimage\",\"url\":\"https:\\\/\\\/www.airtracksports.com\\\/wp-content\\\/uploads\\\/2020\\\/05\\\/Airtrack-P2.png\",\"contentUrl\":\"https:\\\/\\\/www.airtracksports.com\\\/wp-content\\\/uploads\\\/2020\\\/05\\\/Airtrack-P2.png\",\"width\":1369,\"height\":647,\"caption\":\"Airtrack P2 von Airtrackfactory Schweiz - Top-Qualit\u00e4t\"},{\"@type\":\"BreadcrumbList\",\"@id\":\"https:\\\/\\\/www.airtracksports.com\\\/index.php\\\/produkt\\\/airtrack-p2\\\/?lang=fr#breadcrumb\",\"itemListElement\":[{\"@type\":\"ListItem\",\"position\":1,\"name\":\"Startseite\",\"item\":\"https:\\\/\\\/www.airtracksports.com\\\/\"},{\"@type\":\"ListItem\",\"position\":2,\"name\":\"Airtrack-Shop\",\"item\":\"https:\\\/\\\/www.airtracksports.com\\\/index.php\\\/shop\\\/\"},{\"@type\":\"ListItem\",\"position\":3,\"name\":\"Airtrack P2\"}]},{\"@type\":\"WebSite\",\"@id\":\"https:\\\/\\\/www.airtracksports.com\\\/#website\",\"url\":\"https:\\\/\\\/www.airtracksports.com\\\/\",\"name\":\"AirTrackSports\",\"description\":\"\",\"publisher\":{\"@id\":\"https:\\\/\\\/www.airtracksports.com\\\/#organization\"},\"potentialAction\":[{\"@type\":\"SearchAction\",\"target\":{\"@type\":\"EntryPoint\",\"urlTemplate\":\"https:\\\/\\\/www.airtracksports.com\\\/?s={search_term_string}\"},\"query-input\":{\"@type\":\"PropertyValueSpecification\",\"valueRequired\":true,\"valueName\":\"search_term_string\"}}],\"inLanguage\":\"de\"},{\"@type\":\"Organization\",\"@id\":\"https:\\\/\\\/www.airtracksports.com\\\/#organization\",\"name\":\"AirTrackSports\",\"url\":\"https:\\\/\\\/www.airtracksports.com\\\/\",\"logo\":{\"@type\":\"ImageObject\",\"inLanguage\":\"de\",\"@id\":\"https:\\\/\\\/www.airtracksports.com\\\/#\\\/schema\\\/logo\\\/image\\\/\",\"url\":\"https:\\\/\\\/www.airtracksports.com\\\/wp-content\\\/uploads\\\/2020\\\/05\\\/cropped-LogoAirTrack-4.jpg\",\"contentUrl\":\"https:\\\/\\\/www.airtracksports.com\\\/wp-content\\\/uploads\\\/2020\\\/05\\\/cropped-LogoAirTrack-4.jpg\",\"width\":225,\"height\":90,\"caption\":\"AirTrackSports\"},\"image\":{\"@id\":\"https:\\\/\\\/www.airtracksports.com\\\/#\\\/schema\\\/logo\\\/image\\\/\"}}]}<\/script>\n<!-- \/ Yoast SEO plugin. -->","yoast_head_json":{"title":"Airtracksports - Airtrack P2 dans toutes les longueurs - mat\u00e9riel professionnel pour la gymnastique","description":"Le P2 Airtrack est un tapis de taille moyenne pour les clubs de gymnastique. D\u2019une hauteur de 20cm, il convient aussi bien aux d\u00e9butants qu\u2019aux gymnastes de haute performance.","robots":{"index":"index","follow":"follow","max-snippet":"max-snippet:-1","max-image-preview":"max-image-preview:large","max-video-preview":"max-video-preview:-1"},"canonical":"https:\/\/www.airtracksports.com\/index.php\/produkt\/airtrack-p2\/?lang=fr","og_locale":"de_DE","og_type":"article","og_title":"Airtracksports - Airtrack P2 dans toutes les longueurs - mat\u00e9riel professionnel pour la gymnastique","og_description":"Le P2 Airtrack est un tapis de taille moyenne pour les clubs de gymnastique. D\u2019une hauteur de 20cm, il convient aussi bien aux d\u00e9butants qu\u2019aux gymnastes de haute performance.","og_url":"https:\/\/www.airtracksports.com\/index.php\/produkt\/airtrack-p2\/?lang=fr","og_site_name":"AirTrackSports","article_modified_time":"2022-10-04T09:10:08+00:00","og_image":[{"width":1369,"height":647,"url":"https:\/\/www.airtracksports.com\/wp-content\/uploads\/2020\/05\/Airtrack-P2.png","type":"image\/png"}],"twitter_card":"summary_large_image","twitter_misc":{"Gesch\u00e4tzte Lesezeit":"1\u00a0Minute"},"schema":{"@context":"https:\/\/schema.org","@graph":[{"@type":"WebPage","@id":"https:\/\/www.airtracksports.com\/index.php\/produkt\/airtrack-p2\/?lang=fr","url":"https:\/\/www.airtracksports.com\/index.php\/produkt\/airtrack-p2\/?lang=fr","name":"Airtracksports - Airtrack P2 dans toutes les longueurs - mat\u00e9riel professionnel pour la gymnastique","isPartOf":{"@id":"https:\/\/www.airtracksports.com\/#website"},"primaryImageOfPage":{"@id":"https:\/\/www.airtracksports.com\/index.php\/produkt\/airtrack-p2\/?lang=fr#primaryimage"},"image":{"@id":"https:\/\/www.airtracksports.com\/index.php\/produkt\/airtrack-p2\/?lang=fr#primaryimage"},"thumbnailUrl":"https:\/\/www.airtracksports.com\/wp-content\/uploads\/2020\/05\/Airtrack-P2.png","datePublished":"2020-05-06T16:44:15+00:00","dateModified":"2022-10-04T09:10:08+00:00","description":"Le P2 Airtrack est un tapis de taille moyenne pour les clubs de gymnastique. D\u2019une hauteur de 20cm, il convient aussi bien aux d\u00e9butants qu\u2019aux gymnastes de haute performance.","breadcrumb":{"@id":"https:\/\/www.airtracksports.com\/index.php\/produkt\/airtrack-p2\/?lang=fr#breadcrumb"},"inLanguage":"de","potentialAction":[{"@type":"ReadAction","target":["https:\/\/www.airtracksports.com\/index.php\/produkt\/airtrack-p2\/?lang=fr"]}]},{"@type":"ImageObject","inLanguage":"de","@id":"https:\/\/www.airtracksports.com\/index.php\/produkt\/airtrack-p2\/?lang=fr#primaryimage","url":"https:\/\/www.airtracksports.com\/wp-content\/uploads\/2020\/05\/Airtrack-P2.png","contentUrl":"https:\/\/www.airtracksports.com\/wp-content\/uploads\/2020\/05\/Airtrack-P2.png","width":1369,"height":647,"caption":"Airtrack P2 von Airtrackfactory Schweiz - Top-Qualit\u00e4t"},{"@type":"BreadcrumbList","@id":"https:\/\/www.airtracksports.com\/index.php\/produkt\/airtrack-p2\/?lang=fr#breadcrumb","itemListElement":[{"@type":"ListItem","position":1,"name":"Startseite","item":"https:\/\/www.airtracksports.com\/"},{"@type":"ListItem","position":2,"name":"Airtrack-Shop","item":"https:\/\/www.airtracksports.com\/index.php\/shop\/"},{"@type":"ListItem","position":3,"name":"Airtrack P2"}]},{"@type":"WebSite","@id":"https:\/\/www.airtracksports.com\/#website","url":"https:\/\/www.airtracksports.com\/","name":"AirTrackSports","description":"","publisher":{"@id":"https:\/\/www.airtracksports.com\/#organization"},"potentialAction":[{"@type":"SearchAction","target":{"@type":"EntryPoint","urlTemplate":"https:\/\/www.airtracksports.com\/?s={search_term_string}"},"query-input":{"@type":"PropertyValueSpecification","valueRequired":true,"valueName":"search_term_string"}}],"inLanguage":"de"},{"@type":"Organization","@id":"https:\/\/www.airtracksports.com\/#organization","name":"AirTrackSports","url":"https:\/\/www.airtracksports.com\/","logo":{"@type":"ImageObject","inLanguage":"de","@id":"https:\/\/www.airtracksports.com\/#\/schema\/logo\/image\/","url":"https:\/\/www.airtracksports.com\/wp-content\/uploads\/2020\/05\/cropped-LogoAirTrack-4.jpg","contentUrl":"https:\/\/www.airtracksports.com\/wp-content\/uploads\/2020\/05\/cropped-LogoAirTrack-4.jpg","width":225,"height":90,"caption":"AirTrackSports"},"image":{"@id":"https:\/\/www.airtracksports.com\/#\/schema\/logo\/image\/"}}]}},"_links":{"self":[{"href":"https:\/\/www.airtracksports.com\/index.php\/wp-json\/wp\/v2\/product\/5749","targetHints":{"allow":["GET"]}}],"collection":[{"href":"https:\/\/www.airtracksports.com\/index.php\/wp-json\/wp\/v2\/product"}],"about":[{"href":"https:\/\/www.airtracksports.com\/index.php\/wp-json\/wp\/v2\/types\/product"}],"wp:featuredmedia":[{"embeddable":true,"href":"https:\/\/www.airtracksports.com\/index.php\/wp-json\/wp\/v2\/media\/3206"}],"wp:attachment":[{"href":"https:\/\/www.airtracksports.com\/index.php\/wp-json\/wp\/v2\/media?parent=5749"}],"wp:term":[{"taxonomy":"product_brand","embeddable":true,"href":"https:\/\/www.airtracksports.com\/index.php\/wp-json\/wp\/v2\/product_brand?post=5749"},{"taxonomy":"product_cat","embeddable":true,"href":"https:\/\/www.airtracksports.com\/index.php\/wp-json\/wp\/v2\/product_cat?post=5749"},{"taxonomy":"product_tag","embeddable":true,"href":"https:\/\/www.airtracksports.com\/index.php\/wp-json\/wp\/v2\/product_tag?post=5749"}],"curies":[{"name":"wp","href":"https:\/\/api.w.org\/{rel}","templated":true}]}}